{"id":821,"date":"2023-01-13T05:28:57","date_gmt":"2023-01-13T04:28:57","guid":{"rendered":"https:\/\/studentenphilharmonie.de\/?post_type=tribe_events&#038;p=821"},"modified":"2023-05-18T11:20:35","modified_gmt":"2023-05-18T09:20:35","slug":"2-probenwochenende-sose-23","status":"publish","type":"tribe_events","link":"https:\/\/studentenphilharmonie.de\/index.php\/event\/2-probenwochenende-sose-23\/","title":{"rendered":"2. Probenwochenende SoSe 23"},"content":{"rendered":"<p><strong>Samstag, 20.05.2023, 10:00 Uhr bis 18:00 Uhr im Festsaal der Neuen Aula<\/strong><\/p>\n<ul>\n<li>10:00 Uhr bis 13:00 Uhr: Registerproben, Mahler &amp; UA\n<ul>\n<li>Holz mit Peter (H\u00f6rsaal 8 oder 9)<\/li>\n<li>Blech, Schlagwerk mit Matthias (Audimax)<\/li>\n<li>Geigen und Bratschen mit Symeon (Festsaal)<\/li>\n<li>Celli und B\u00e4sse mit Lars (H\u00f6rsaal 2)<\/li>\n<\/ul>\n<\/li>\n<li>14:30 Uhr bis 18:00 Uhr: Registerproben, Mahler &amp; UA\n<ul>\n<li>Blech, Holz, Schlagwerk mit Matthias (Audimax)<\/li>\n<li>Geigen und Bratschen mit Symeon (Festsaal)<\/li>\n<li>Celli und B\u00e4sse mit Lars (H\u00f6rsaal 2)<\/li>\n<\/ul>\n<\/li>\n<\/ul>\n","protected":false},"excerpt":{"rendered":"<p>Samstag, 20.05.2023, 10:00 Uhr bis 18:00 Uhr im Festsaal der Neuen Aula 10:00 Uhr bis 13:00 Uhr: Registerproben, Mahler &amp; UA Holz mit Peter (H\u00f6rsaal 8 oder 9) Blech, Schlagwerk mit Matthias (Audimax) Geigen und Bratschen mit Symeon (Festsaal) Celli und B\u00e4sse mit Lars (H\u00f6rsaal 2) 14:30 Uhr bis 18:00 Uhr: Registerproben, Mahler &amp; UA Blech, Holz, Schlagwerk mit Matthias (Audimax) Geigen und Bratschen mit Symeon (Festsaal) Celli und B\u00e4sse mit Lars (H\u00f6rsaal 2)<\/p>\n","protected":false},"author":20,"featured_media":376,"template":"","meta":{"_acf_changed":false,"_tribe_events_status":"","_tribe_events_status_reason":"","footnotes":""},"tags":[],"tribe_events_cat":[7],"class_list":["post-821","tribe_events","type-tribe_events","status-publish","has-post-thumbnail","tribe_events_cat-probe","cat_probe"],"acf":[],"_links":{"self":[{"href":"https:\/\/studentenphilharmonie.de\/index.php\/wp-json\/wp\/v2\/tribe_events\/821","targetHints":{"allow":["GET"]}}],"collection":[{"href":"https:\/\/studentenphilharmonie.de\/index.php\/wp-json\/wp\/v2\/tribe_events"}],"about":[{"href":"https:\/\/studentenphilharmonie.de\/index.php\/wp-json\/wp\/v2\/types\/tribe_events"}],"author":[{"embeddable":true,"href":"https:\/\/studentenphilharmonie.de\/index.php\/wp-json\/wp\/v2\/users\/20"}],"version-history":[{"count":5,"href":"https:\/\/studentenphilharmonie.de\/index.php\/wp-json\/wp\/v2\/tribe_events\/821\/revisions"}],"predecessor-version":[{"id":1474,"href":"https:\/\/studentenphilharmonie.de\/index.php\/wp-json\/wp\/v2\/tribe_events\/821\/revisions\/1474"}],"wp:featuredmedia":[{"embeddable":true,"href":"https:\/\/studentenphilharmonie.de\/index.php\/wp-json\/wp\/v2\/media\/376"}],"wp:attachment":[{"href":"https:\/\/studentenphilharmonie.de\/index.php\/wp-json\/wp\/v2\/media?parent=821"}],"wp:term":[{"taxonomy":"post_tag","embeddable":true,"href":"https:\/\/studentenphilharmonie.de\/index.php\/wp-json\/wp\/v2\/tags?post=821"},{"taxonomy":"tribe_events_cat","embeddable":true,"href":"https:\/\/studentenphilharmonie.de\/index.php\/wp-json\/wp\/v2\/tribe_events_cat?post=821"}],"curies":[{"name":"wp","href":"https:\/\/api.w.org\/{rel}","templated":true}]}}

<p><strong>Samstag, 20.05.2023, 10:00 Uhr bis 18:00 Uhr im Festsaal der Neuen Aula</strong></p>
<ul>
<li>10:00 Uhr bis 13:00 Uhr: Registerproben, Mahler &amp; UA
<ul>
<li>Holz mit Peter (Hörsaal 8 oder 9)</li>
<li>Blech, Schlagwerk mit Matthias (Audimax)</li>
<li>Geigen und Bratschen mit Symeon (Festsaal)</li>
<li>Celli und Bässe mit Lars (Hörsaal 2)</li>
</ul>
</li>
<li>14:30 Uhr bis 18:00 Uhr: Registerproben, Mahler &amp; UA
<ul>
<li>Blech, Holz, Schlagwerk mit Matthias (Audimax)</li>
<li>Geigen und Bratschen mit Symeon (Festsaal)</li>
<li>Celli und Bässe mit Lars (Hörsaal 2)</li>
</ul>
</li>
</ul>

<p>Samstag, 20.05.2023, 10:00 Uhr bis 18:00 Uhr im Festsaal der Neuen Aula 10:00 Uhr bis 13:00 Uhr: Registerproben, Mahler &amp; UA Holz mit Peter (Hörsaal 8 oder 9) Blech, Schlagwerk mit Matthias (Audimax) Geigen und Bratschen mit Symeon (Festsaal) Celli und Bässe mit Lars (Hörsaal 2) 14:30 Uhr bis 18:00 Uhr: Registerproben, Mahler &amp; UA Blech, Holz, Schlagwerk mit Matthias (Audimax) Geigen und Bratschen mit Symeon (Festsaal) Celli und Bässe mit Lars (Hörsaal 2)</p>
