{"id":789,"date":"2023-01-04T03:00:39","date_gmt":"2023-01-04T02:00:39","guid":{"rendered":"https:\/\/studentenphilharmonie.de\/?post_type=tribe_events&#038;p=789"},"modified":"2023-03-05T16:07:51","modified_gmt":"2023-03-05T15:07:51","slug":"konzert-calw","status":"publish","type":"tribe_events","link":"https:\/\/studentenphilharmonie.de\/index.php\/event\/konzert-calw\/","title":{"rendered":"Konzert Calw"},"content":{"rendered":"<h2>Programm des Konzerts<\/h2>\n<ul>\n<li>Felix Mendelssohn Bartholdy: Violin-Konzert, Solist:\u00a0<a href=\"https:\/\/studentenphilharmonie.de\/index.php\/ueber-uns\/#Prof.-Dr.-Christian-Ostertag\">Prof. Dr. Ostertag<\/a><\/li>\n<li>Anton Bruckner: 4. Sinfonie<\/li>\n<li>Mirco Oswald: Goldene \u00c4hren, Urauff\u00fchrung<\/li>\n<\/ul>\n<h2>Karten<\/h2>\n<p>Karten gibt es an der Abendkasse.<\/p>\n<h2>Kosten<\/h2>\n<p>Regul\u00e4r: 12 \u20ac<br \/>\nErm\u00e4\u00dfigt: 7 \u20ac (f\u00fcr Sch\u00fcler*innen, Studierende, FSJ, Beeintr\u00e4chtigte)<\/p>\n","protected":false},"excerpt":{"rendered":"<p>Programm des Konzerts Felix Mendelssohn Bartholdy: Violin-Konzert, Solist:\u00a0Prof. Dr. Ostertag Anton Bruckner: 4. Sinfonie Mirco Oswald: Goldene \u00c4hren, Urauff\u00fchrung Karten Karten gibt es an der Abendkasse. Kosten Regul\u00e4r: 12 \u20ac Erm\u00e4\u00dfigt: 7 \u20ac (f\u00fcr Sch\u00fcler*innen, Studierende, FSJ, Beeintr\u00e4chtigte)<\/p>\n","protected":false},"author":1,"featured_media":572,"template":"","meta":{"_acf_changed":false,"_tribe_events_status":"","_tribe_events_status_reason":"","footnotes":""},"tags":[13,10,12,11],"tribe_events_cat":[8],"class_list":["post-789","tribe_events","type-tribe_events","status-publish","has-post-thumbnail","tag-bruckner-4-sinfonie","tag-konzert","tag-mendelssohn-bartholdy-violinkonzert","tag-studentenphilharmonie-tuebingen","tribe_events_cat-konzert","cat_konzert"],"acf":[],"_links":{"self":[{"href":"https:\/\/studentenphilharmonie.de\/index.php\/wp-json\/wp\/v2\/tribe_events\/789","targetHints":{"allow":["GET"]}}],"collection":[{"href":"https:\/\/studentenphilharmonie.de\/index.php\/wp-json\/wp\/v2\/tribe_events"}],"about":[{"href":"https:\/\/studentenphilharmonie.de\/index.php\/wp-json\/wp\/v2\/types\/tribe_events"}],"author":[{"embeddable":true,"href":"https:\/\/studentenphilharmonie.de\/index.php\/wp-json\/wp\/v2\/users\/1"}],"version-history":[{"count":2,"href":"https:\/\/studentenphilharmonie.de\/index.php\/wp-json\/wp\/v2\/tribe_events\/789\/revisions"}],"predecessor-version":[{"id":1122,"href":"https:\/\/studentenphilharmonie.de\/index.php\/wp-json\/wp\/v2\/tribe_events\/789\/revisions\/1122"}],"wp:featuredmedia":[{"embeddable":true,"href":"https:\/\/studentenphilharmonie.de\/index.php\/wp-json\/wp\/v2\/media\/572"}],"wp:attachment":[{"href":"https:\/\/studentenphilharmonie.de\/index.php\/wp-json\/wp\/v2\/media?parent=789"}],"wp:term":[{"taxonomy":"post_tag","embeddable":true,"href":"https:\/\/studentenphilharmonie.de\/index.php\/wp-json\/wp\/v2\/tags?post=789"},{"taxonomy":"tribe_events_cat","embeddable":true,"href":"https:\/\/studentenphilharmonie.de\/index.php\/wp-json\/wp\/v2\/tribe_events_cat?post=789"}],"curies":[{"name":"wp","href":"https:\/\/api.w.org\/{rel}","templated":true}]}}

<h2>Programm des Konzerts</h2>
<ul>
<li>Felix Mendelssohn Bartholdy: Violin-Konzert, Solist: <a href="https://studentenphilharmonie.de/index.php/ueber-uns/#Prof.-Dr.-Christian-Ostertag">Prof. Dr. Ostertag</a></li>
<li>Anton Bruckner: 4. Sinfonie</li>
<li>Mirco Oswald: Goldene Ähren, Uraufführung</li>
</ul>
<h2>Karten</h2>
<p>Karten gibt es an der Abendkasse.</p>
<h2>Kosten</h2>
<p>Regulär: 12 €<br />
Ermäßigt: 7 € (für Schüler*innen, Studierende, FSJ, Beeinträchtigte)</p>

<p>Programm des Konzerts Felix Mendelssohn Bartholdy: Violin-Konzert, Solist: Prof. Dr. Ostertag Anton Bruckner: 4. Sinfonie Mirco Oswald: Goldene Ähren, Uraufführung Karten Karten gibt es an der Abendkasse. Kosten Regulär: 12 € Ermäßigt: 7 € (für Schüler*innen, Studierende, FSJ, Beeinträchtigte)</p>
