{"id":2798,"date":"2025-02-04T23:17:38","date_gmt":"2025-02-04T22:17:38","guid":{"rendered":"https:\/\/studentenphilharmonie.de\/?post_type=tribe_events&#038;p=2798"},"modified":"2025-11-17T02:06:12","modified_gmt":"2025-11-17T01:06:12","slug":"winterkonzert-2026-der-studentenphilharmonie-tuebingen-2","status":"publish","type":"tribe_events","link":"https:\/\/studentenphilharmonie.de\/index.php\/event\/winterkonzert-2026-der-studentenphilharmonie-tuebingen-2\/","title":{"rendered":"Winterkonzert 2026 der Studentenphilharmonie T\u00fcbingen"},"content":{"rendered":"<h2>Konzertprogramm<\/h2>\n<div class=\"wp-block-group\">\n<div class=\"wp-block-group__inner-container is-layout-constrained wp-block-group-is-layout-constrained\">\n<ul class=\"wp-block-list\">\n<li>Camille Saint-Sa\u00ebns: 1. Cello-Konzert, Solo: Andr\u00e9s Ruiz-Sar\u00e1<\/li>\n<li>Maurice Ravel: Bolero<\/li>\n<li>Maurice Ravel: Valses nobles et sentimentales<\/li>\n<li>Claude Debussy: Nocturnes<\/li>\n<li>Claude Debussy: Pr\u00e9lude \u00e0 l\u2019apr\u00e8s-midi d\u2019un faune<\/li>\n<li>Leontinos \u2013 Nicolaos Tsokas: Vers Pernassus, Urauff\u00fchrung<\/li>\n<\/ul>\n<\/div>\n<\/div>\n<h2>Ort und Zeit<\/h2>\n<p><strong>Freitag, 23.01.2026, 19:30 Uhr<\/strong><br \/>\nOrt: Filderstadt, St. Stephanus, Eugenstra\u00dfe 19<\/p>\n<p>&nbsp;<\/p>\n","protected":false},"excerpt":{"rendered":"<p>Konzertprogramm Camille Saint-Sa\u00ebns: 1. Cello-Konzert, Solo: Andr\u00e9s Ruiz-Sar\u00e1 Maurice Ravel: Bolero Maurice Ravel: Valses nobles et sentimentales Claude Debussy: Nocturnes Claude Debussy: Pr\u00e9lude \u00e0 l\u2019apr\u00e8s-midi d\u2019un faune Leontinos \u2013 Nicolaos Tsokas: Vers Pernassus, Urauff\u00fchrung Ort und Zeit Freitag, 23.01.2026, 19:30 Uhr Ort: Filderstadt, St. Stephanus, Eugenstra\u00dfe 19 &nbsp;<\/p>\n","protected":false},"author":20,"featured_media":554,"template":"","meta":{"_acf_changed":false,"_tribe_events_status":"","_tribe_events_status_reason":"","footnotes":""},"tags":[],"tribe_events_cat":[8],"class_list":["post-2798","tribe_events","type-tribe_events","status-publish","has-post-thumbnail","tribe_events_cat-konzert","cat_konzert"],"acf":[],"_links":{"self":[{"href":"https:\/\/studentenphilharmonie.de\/index.php\/wp-json\/wp\/v2\/tribe_events\/2798","targetHints":{"allow":["GET"]}}],"collection":[{"href":"https:\/\/studentenphilharmonie.de\/index.php\/wp-json\/wp\/v2\/tribe_events"}],"about":[{"href":"https:\/\/studentenphilharmonie.de\/index.php\/wp-json\/wp\/v2\/types\/tribe_events"}],"author":[{"embeddable":true,"href":"https:\/\/studentenphilharmonie.de\/index.php\/wp-json\/wp\/v2\/users\/20"}],"version-history":[{"count":3,"href":"https:\/\/studentenphilharmonie.de\/index.php\/wp-json\/wp\/v2\/tribe_events\/2798\/revisions"}],"predecessor-version":[{"id":3251,"href":"https:\/\/studentenphilharmonie.de\/index.php\/wp-json\/wp\/v2\/tribe_events\/2798\/revisions\/3251"}],"wp:featuredmedia":[{"embeddable":true,"href":"https:\/\/studentenphilharmonie.de\/index.php\/wp-json\/wp\/v2\/media\/554"}],"wp:attachment":[{"href":"https:\/\/studentenphilharmonie.de\/index.php\/wp-json\/wp\/v2\/media?parent=2798"}],"wp:term":[{"taxonomy":"post_tag","embeddable":true,"href":"https:\/\/studentenphilharmonie.de\/index.php\/wp-json\/wp\/v2\/tags?post=2798"},{"taxonomy":"tribe_events_cat","embeddable":true,"href":"https:\/\/studentenphilharmonie.de\/index.php\/wp-json\/wp\/v2\/tribe_events_cat?post=2798"}],"curies":[{"name":"wp","href":"https:\/\/api.w.org\/{rel}","templated":true}]}}

Winterkonzert 2026 der Studentenphilharmonie Tübingen

<h2>Konzertprogramm</h2>
<div class="wp-block-group">
<div class="wp-block-group__inner-container is-layout-constrained wp-block-group-is-layout-constrained">
<ul class="wp-block-list">
<li>Camille Saint-Saëns: 1. Cello-Konzert, Solo: Andrés Ruiz-Sará</li>
<li>Maurice Ravel: Bolero</li>
<li>Maurice Ravel: Valses nobles et sentimentales</li>
<li>Claude Debussy: Nocturnes</li>
<li>Claude Debussy: Prélude à l’après-midi d’un faune</li>
<li>Leontinos – Nicolaos Tsokas: Vers Pernassus, Uraufführung</li>
</ul>
</div>
</div>
<h2>Ort und Zeit</h2>
<p><strong>Freitag, 23.01.2026, 19:30 Uhr</strong><br />
Ort: Filderstadt, St. Stephanus, Eugenstraße 19</p>
<p>&nbsp;</p>

<p>Konzertprogramm Camille Saint-Saëns: 1. Cello-Konzert, Solo: Andrés Ruiz-Sará Maurice Ravel: Bolero Maurice Ravel: Valses nobles et sentimentales Claude Debussy: Nocturnes Claude Debussy: Prélude à l’après-midi d’un faune Leontinos – Nicolaos Tsokas: Vers Pernassus, Uraufführung Ort und Zeit Freitag, 23.01.2026, 19:30 Uhr Ort: Filderstadt, St. Stephanus, Eugenstraße 19 &nbsp;</p>
