{"id":971,"date":"2023-03-04T02:29:18","date_gmt":"2023-03-04T01:29:18","guid":{"rendered":"https:\/\/studentenphilharmonie.de\/?page_id=971"},"modified":"2023-03-04T03:18:16","modified_gmt":"2023-03-04T02:18:16","slug":"programm-sommersemester-2017","status":"publish","type":"page","link":"https:\/\/studentenphilharmonie.de\/index.php\/programmarchiv\/programm-sommersemester-2017\/","title":{"rendered":"Programm Sommersemester 2017"},"content":{"rendered":"\n<h2 class=\"wp-block-heading\">Film, Musik und Filmmusik<\/h2>\n\n\n\n<ul class=\"wp-block-list\">\n<li>B\u00e9la Bart\u00f3k: Konzert f\u00fcr Viola und Orchester<\/li>\n\n\n\n<li>Dmitri Dmtrijewitsch Schostakowitsch: Suite Nr. 2: \n<ul class=\"wp-block-list\">\n<li>Walzer I <\/li>\n\n\n\n<li>Walzer II<\/li>\n<\/ul>\n<\/li>\n\n\n\n<li>J. Williams: \n<ul class=\"wp-block-list\">\n<li>Star Wars Medley<\/li>\n\n\n\n<li>Schindlers Liste<\/li>\n<\/ul>\n<\/li>\n\n\n\n<li>H. Mancini: Pink Panther<\/li>\n\n\n\n<li>E. Korngold: The Sea Hawk<\/li>\n\n\n\n<li>D. Spogis: Die Reise zu Mond<\/li>\n\n\n\n<li>D. Holleber: Aquarell, UA<\/li>\n<\/ul>\n\n\n\n<div class=\"wp-block-buttons is-layout-flex wp-block-buttons-is-layout-flex\">\n<div class=\"wp-block-button\"><a class=\"wp-block-button__link wp-element-button\" href=\"https:\/\/studentenphilharmonie.de\/index.php\/programmarchiv\/\">Programmarchiv vergangener Konzerte<\/a><\/div>\n<\/div>\n\n\n\n<div style=\"height:45px\" aria-hidden=\"true\" class=\"wp-block-spacer\"><\/div>\n\n\n<div class=\"wp-block-image\">\n<figure class=\"aligncenter size-large\"><img loading=\"lazy\" decoding=\"async\" width=\"724\" height=\"1024\" src=\"https:\/\/studentenphilharmonie.de\/wp-content\/uploads\/2023\/03\/Studphil-SS-17-724x1024.jpg\" alt=\"\" class=\"wp-image-972\" srcset=\"https:\/\/studentenphilharmonie.de\/wp-content\/uploads\/2023\/03\/Studphil-SS-17-724x1024.jpg 724w, https:\/\/studentenphilharmonie.de\/wp-content\/uploads\/2023\/03\/Studphil-SS-17-scaled-600x849.jpg 600w, https:\/\/studentenphilharmonie.de\/wp-content\/uploads\/2023\/03\/Studphil-SS-17-212x300.jpg 212w, https:\/\/studentenphilharmonie.de\/wp-content\/uploads\/2023\/03\/Studphil-SS-17-768x1087.jpg 768w, https:\/\/studentenphilharmonie.de\/wp-content\/uploads\/2023\/03\/Studphil-SS-17-1086x1536.jpg 1086w, https:\/\/studentenphilharmonie.de\/wp-content\/uploads\/2023\/03\/Studphil-SS-17-1447x2048.jpg 1447w, https:\/\/studentenphilharmonie.de\/wp-content\/uploads\/2023\/03\/Studphil-SS-17-1320x1868.jpg 1320w, https:\/\/studentenphilharmonie.de\/wp-content\/uploads\/2023\/03\/Studphil-SS-17-scaled.jpg 1809w\" sizes=\"auto, (max-width: 724px) 100vw, 724px\" \/><\/figure>\n<\/div>","protected":false},"excerpt":{"rendered":"<p>Film, Musik und Filmmusik<\/p>\n","protected":false},"author":20,"featured_media":976,"parent":870,"menu_order":0,"comment_status":"closed","ping_status":"closed","template":"","meta":{"_acf_changed":false,"footnotes":""},"class_list":["post-971","page","type-page","status-publish","has-post-thumbnail"],"acf":[],"_links":{"self":[{"href":"https:\/\/studentenphilharmonie.de\/index.php\/wp-json\/wp\/v2\/pages\/971","targetHints":{"allow":["GET"]}}],"collection":[{"href":"https:\/\/studentenphilharmonie.de\/index.php\/wp-json\/wp\/v2\/pages"}],"about":[{"href":"https:\/\/studentenphilharmonie.de\/index.php\/wp-json\/wp\/v2\/types\/page"}],"author":[{"embeddable":true,"href":"https:\/\/studentenphilharmonie.de\/index.php\/wp-json\/wp\/v2\/users\/20"}],"replies":[{"embeddable":true,"href":"https:\/\/studentenphilharmonie.de\/index.php\/wp-json\/wp\/v2\/comments?post=971"}],"version-history":[{"count":2,"href":"https:\/\/studentenphilharmonie.de\/index.php\/wp-json\/wp\/v2\/pages\/971\/revisions"}],"predecessor-version":[{"id":1010,"href":"https:\/\/studentenphilharmonie.de\/index.php\/wp-json\/wp\/v2\/pages\/971\/revisions\/1010"}],"up":[{"embeddable":true,"href":"https:\/\/studentenphilharmonie.de\/index.php\/wp-json\/wp\/v2\/pages\/870"}],"wp:featuredmedia":[{"embeddable":true,"href":"https:\/\/studentenphilharmonie.de\/index.php\/wp-json\/wp\/v2\/media\/976"}],"wp:attachment":[{"href":"https:\/\/studentenphilharmonie.de\/index.php\/wp-json\/wp\/v2\/media?parent=971"}],"curies":[{"name":"wp","href":"https:\/\/api.w.org\/{rel}","templated":true}]}}