{"id":894,"date":"2023-01-28T21:04:30","date_gmt":"2023-01-28T20:04:30","guid":{"rendered":"https:\/\/studentenphilharmonie.de\/?page_id=894"},"modified":"2023-03-04T03:11:33","modified_gmt":"2023-03-04T02:11:33","slug":"programm-wintersemester-2019-2020","status":"publish","type":"page","link":"https:\/\/studentenphilharmonie.de\/index.php\/programmarchiv\/programm-wintersemester-2019-2020\/","title":{"rendered":"Programm Wintersemester 2019\/2020"},"content":{"rendered":"\n<ul class=\"wp-block-list\">\n<li>Anton\u00edn Dvo\u0159\u00e1k, Sinfonie Nr. 8 G-Dur, Op.88<\/li>\n<\/ul>\n\n\n\n<blockquote class=\"wp-block-quote is-layout-flow wp-block-quote-is-layout-flow\">\n<p>Die <strong>Sinfonie Nr. 8 G-Dur op. 88<\/strong> (<a href=\"https:\/\/de.wikipedia.org\/wiki\/Burghauser-Katalog\" target=\"_blank\" rel=\"noopener\">B<\/a> 163) ist eine <a href=\"https:\/\/de.wikipedia.org\/wiki\/Sinfonie\" target=\"_blank\" rel=\"noopener\">Sinfonie<\/a> des <a href=\"https:\/\/de.wikipedia.org\/wiki\/B%C3%B6hmen\" target=\"_blank\" rel=\"noopener\">b\u00f6hmischen<\/a> <a href=\"https:\/\/de.wikipedia.org\/wiki\/Komponist\" target=\"_blank\" rel=\"noopener\">Komponisten<\/a> <a href=\"https:\/\/de.wikipedia.org\/wiki\/Anton%C3%ADn_Dvo%C5%99%C3%A1k\" target=\"_blank\" rel=\"noopener\">Anton\u00edn Dvo\u0159\u00e1k<\/a>. Zu Lebzeiten des Komponisten wurde sie als dessen 4. Sinfonie gez\u00e4hlt.<\/p>\n\n\n\n<p>Dvo\u0159\u00e1k schrieb die Sinfonie 1889 anl\u00e4sslich seiner, wie er auf dem Titelblatt der Partitur vermerkte, \u201eAufnahme in die B\u00f6hmische Kaiser-Franz-Joseph-Akademie f\u00fcr Wissenschaft, Literatur und Kunst\u201c. Zur d\u00fcsteren Stimmung der <a href=\"https:\/\/de.wikipedia.org\/wiki\/7._Sinfonie_(Dvo%C5%99%C3%A1k)\" target=\"_blank\" rel=\"noopener\">7. Sinfonie<\/a> Dvo\u0159\u00e1ks bildet die 8. Sinfonie einen gel\u00f6sten, lyrischen Kontrast. Bei der Komposition, mit der sich Dvo\u0159\u00e1k zum Ziel setzte, \u201eein von meinen anderen Symphonien verschiedenes Werk zu schreiben, mit individuellen, in neuer Weise ausgearbeiteten Gedanken\u201c, lie\u00df Dvo\u0159\u00e1k sich von der Landschaft bei <a href=\"https:\/\/de.wikipedia.org\/wiki\/Vysok%C3%A1_u_P%C5%99%C3%ADbram%C4%9B\" target=\"_blank\" rel=\"noopener\">Vysok\u00e1 u P\u0159\u00edbram\u011b<\/a>, seinem Sommersitz, inspirieren. Die Urauff\u00fchrung fand am 2. Februar 1890 in <a href=\"https:\/\/de.wikipedia.org\/wiki\/Prag\" target=\"_blank\" rel=\"noopener\">Prag<\/a> unter der Leitung des Komponisten statt.<\/p>\n<cite>Quelle: <a href=\"https:\/\/de.wikipedia.org\/wiki\/8._Sinfonie_(Dvo%C5%99%C3%A1k)\" target=\"_blank\" rel=\"noopener\">Wikipedia 8. Sinfonie (Dvo\u0159\u00e1k)<\/a><\/cite><\/blockquote>\n\n\n\n<ul class=\"wp-block-list\">\n<li>Anton\u00edn Dvo\u0159\u00e1k, Konzert f\u00fcr Violoncello und Orchester h-moll, Op. 104<\/li>\n<\/ul>\n\n\n\n<blockquote class=\"wp-block-quote is-layout-flow wp-block-quote-is-layout-flow\">\n<p>Das <strong>Cellokonzert h-moll<\/strong>, Opus 104, von <a href=\"https:\/\/de.wikipedia.org\/wiki\/Anton%C3%ADn_Dvo%C5%99%C3%A1k\" target=\"_blank\" rel=\"noopener\">Anton\u00edn Dvo\u0159\u00e1k<\/a> ist eines der ber\u00fchmtesten Cellokonzerte und geh\u00f6rt zu Dvo\u0159\u00e1ks bekanntesten Werken. Es ist eines der wichtigsten St\u00fccke des <a href=\"https:\/\/de.wikipedia.org\/wiki\/Violoncello\" target=\"_blank\" rel=\"noopener\">Violoncello<\/a>-Repertoires.<\/p>\n\n\n\n<p>Dvo\u0159\u00e1k schrieb das Cellokonzert zwischen dem 8. November 1894 und dem 9. Februar 1895 in den USA. Zun\u00e4chst war er von diesem Instrument wenig begeistert. Die <a href=\"https:\/\/de.wikipedia.org\/wiki\/Urauff%C3%BChrung\" target=\"_blank\" rel=\"noopener\">Urauff\u00fchrung<\/a> von <a href=\"https:\/\/de.wikipedia.org\/wiki\/Victor_Herbert\" target=\"_blank\" rel=\"noopener\">Victor Herberts<\/a> zweitem Cellokonzert gab ihm den Impuls, selbst ein Konzert zu schreiben. Dem Konzert ging bereits ein Versuch voraus: 1865 hatte Dvorak ein Cellokonzert in A-Dur (ohne Opuszahl) geschrieben, das aber weder ver\u00f6ffentlicht noch orchestriert wurde.<\/p>\n\n\n\n<p>1895 soll <a href=\"https:\/\/de.wikipedia.org\/wiki\/Johannes_Brahms\" target=\"_blank\" rel=\"noopener\">Johannes Brahms<\/a>, nachdem er die <a href=\"https:\/\/de.wikipedia.org\/wiki\/Partitur\" target=\"_blank\" rel=\"noopener\">Partitur<\/a> gelesen hatte, ausgerufen haben: \u201eWarum habe ich nicht gewusst, dass man ein Cellokonzert wie dieses schreiben kann? H\u00e4tte ich es gewusst, h\u00e4tte ich schon vor langer Zeit eines geschrieben!\u201c<\/p>\n\n\n\n<p>Das Konzert wurde am <a href=\"https:\/\/de.wikipedia.org\/wiki\/19._M%C3%A4rz\" target=\"_blank\" rel=\"noopener\">19. M\u00e4rz<\/a> <a href=\"https:\/\/de.wikipedia.org\/wiki\/1896\" target=\"_blank\" rel=\"noopener\">1896<\/a> in <a href=\"https:\/\/de.wikipedia.org\/wiki\/London\" target=\"_blank\" rel=\"noopener\">London<\/a> uraufgef\u00fchrt. Der englische Cellist Leo Stern spielte mit der <a href=\"https:\/\/de.wikipedia.org\/wiki\/Royal_Philharmonic_Society\" target=\"_blank\" rel=\"noopener\">Royal Philharmonic Society<\/a> unter der Leitung des Komponisten. Urspr\u00fcnglich h\u00e4tte es <a href=\"https:\/\/de.wikipedia.org\/wiki\/Hanu%C5%A1_Wihan\" target=\"_blank\" rel=\"noopener\">Hanu\u0161 Wihan<\/a> spielen sollen, dem das Werk auch gewidmet ist und der ein Freund Dvo\u0159\u00e1ks war. Wihan hatte aber zu viele kompositorische \u00c4nderungen vorgeschlagen und sogar selbst eine <a href=\"https:\/\/de.wikipedia.org\/wiki\/Kadenz_(Solokonzert)\" target=\"_blank\" rel=\"noopener\">Kadenz<\/a> ausgearbeitet, was Dvo\u0159\u00e1k dann zu weit gegangen war.<\/p>\n<cite>Quelle: <a href=\"https:\/\/de.wikipedia.org\/wiki\/Cellokonzert_(Dvo%C5%99%C3%A1k)\" target=\"_blank\" rel=\"noopener\">Wikipedia, Cellokonzert (Dvo\u0159\u00e1k)<\/a><\/cite><\/blockquote>\n\n\n\n<ul class=\"wp-block-list\">\n<li>Bed\u0159ick Smetana, Die Moldau (Vltava)<\/li>\n<\/ul>\n\n\n\n<blockquote class=\"wp-block-quote is-layout-flow wp-block-quote-is-layout-flow\">\n<p><strong>Die Moldau<\/strong> (tschechisch <em>Vltava<\/em>) T 111, JB 1:112\/2 ist der zweite Teil aus <a href=\"https:\/\/de.wikipedia.org\/wiki\/Mein_Vaterland\" target=\"_blank\" rel=\"noopener\">Mein Vaterland<\/a> (<em>M\u00e1 vlast<\/em>), einem Zyklus von sechs <a href=\"https:\/\/de.wikipedia.org\/wiki\/Sinfonische_Dichtung\" target=\"_blank\" rel=\"noopener\">sinfonischen Dichtungen<\/a> des tschechischen <a href=\"https:\/\/de.wikipedia.org\/wiki\/Komponist\" target=\"_blank\" rel=\"noopener\">Komponisten<\/a> <a href=\"https:\/\/de.wikipedia.org\/wiki\/Bed%C5%99ich_Smetana\" target=\"_blank\" rel=\"noopener\">Bed\u0159ich Smetana<\/a>. Die Komposition zeichnet den Lauf des <a href=\"https:\/\/de.wikipedia.org\/wiki\/Moldau_(Fluss)\" target=\"_blank\" rel=\"noopener\">gleichnamigen Flusses<\/a> nach und geh\u00f6rt zu den ber\u00fchmtesten Werken der <a href=\"https:\/\/de.wikipedia.org\/wiki\/Programmmusik\" target=\"_blank\" rel=\"noopener\">Programmmusik<\/a>. Das Werk entstand 1874, als Smetana bereits vollst\u00e4ndig <a href=\"https:\/\/de.wikipedia.org\/wiki\/Taubheit_(Ohr)\" target=\"_blank\" rel=\"noopener\">ertaubt<\/a> war, und wurde am 4. April 1875 in <a href=\"https:\/\/de.wikipedia.org\/wiki\/Prag\" target=\"_blank\" rel=\"noopener\">Prag<\/a> uraufgef\u00fchrt. Die <a href=\"https:\/\/de.wikipedia.org\/wiki\/Spieldauer_(Musik)\" target=\"_blank\" rel=\"noopener\">Spieldauer<\/a> betr\u00e4gt circa 12 Minuten.<\/p>\n<cite>Quelle: <a href=\"https:\/\/de.wikipedia.org\/wiki\/Die_Moldau\" target=\"_blank\" rel=\"noopener\">Wikipedia, Die Moldau<\/a><\/cite><\/blockquote>\n\n\n\n<ul class=\"wp-block-list\">\n<li>Matthias Hutter, Fantasie f\u00fcr Klavier und Orchester, Op. 40, Urauff\u00fchrung<\/li>\n<\/ul>\n\n\n\n<div class=\"wp-block-buttons is-layout-flex wp-block-buttons-is-layout-flex\">\n<div class=\"wp-block-button\"><a class=\"wp-block-button__link wp-element-button\" href=\"https:\/\/studentenphilharmonie.de\/index.php\/programmarchiv\/\">Programmarchiv vergangener Konzerte<\/a><\/div>\n<\/div>\n\n\n\n<div style=\"height:45px\" aria-hidden=\"true\" class=\"wp-block-spacer\"><\/div>\n\n\n<div class=\"wp-block-image\">\n<figure class=\"aligncenter size-large\"><img loading=\"lazy\" decoding=\"async\" width=\"724\" height=\"1024\" src=\"https:\/\/studentenphilharmonie.de\/wp-content\/uploads\/2023\/03\/79958096_3149831251710361_1604663922827198464_n-724x1024.jpg\" alt=\"\" class=\"wp-image-1000\" srcset=\"https:\/\/studentenphilharmonie.de\/wp-content\/uploads\/2023\/03\/79958096_3149831251710361_1604663922827198464_n-724x1024.jpg 724w, https:\/\/studentenphilharmonie.de\/wp-content\/uploads\/2023\/03\/79958096_3149831251710361_1604663922827198464_n-600x849.jpg 600w, https:\/\/studentenphilharmonie.de\/wp-content\/uploads\/2023\/03\/79958096_3149831251710361_1604663922827198464_n-212x300.jpg 212w, https:\/\/studentenphilharmonie.de\/wp-content\/uploads\/2023\/03\/79958096_3149831251710361_1604663922827198464_n-768x1086.jpg 768w, https:\/\/studentenphilharmonie.de\/wp-content\/uploads\/2023\/03\/79958096_3149831251710361_1604663922827198464_n-1086x1536.jpg 1086w, https:\/\/studentenphilharmonie.de\/wp-content\/uploads\/2023\/03\/79958096_3149831251710361_1604663922827198464_n.jpg 1131w\" sizes=\"auto, (max-width: 724px) 100vw, 724px\" \/><\/figure>\n<\/div>","protected":false},"excerpt":{"rendered":"<p>Die Sinfonie Nr. 8 G-Dur op. 88 (B 163) ist eine Sinfonie des b\u00f6hmischen Komponisten Anton\u00edn Dvo\u0159\u00e1k. Zu Lebzeiten des Komponisten wurde sie als dessen 4. Sinfonie gez\u00e4hlt. Dvo\u0159\u00e1k schrieb die Sinfonie 1889 anl\u00e4sslich seiner, wie er auf dem Titelblatt der Partitur vermerkte, \u201eAufnahme in die B\u00f6hmische Kaiser-Franz-Joseph-Akademie f\u00fcr Wissenschaft, Literatur und Kunst\u201c. Zur d\u00fcsteren Stimmung der 7. Sinfonie Dvo\u0159\u00e1ks bildet die 8. Sinfonie einen gel\u00f6sten, lyrischen Kontrast. Bei der Komposition, mit der sich Dvo\u0159\u00e1k zum Ziel setzte, \u201eein von meinen anderen Symphonien verschiedenes Werk zu schreiben, mit individuellen, in neuer Weise ausgearbeiteten Gedanken\u201c, lie\u00df Dvo\u0159\u00e1k sich von der Landschaft bei Vysok\u00e1 u P\u0159\u00edbram\u011b, seinem Sommersitz, inspirieren. Die Urauff\u00fchrung fand am 2. Februar 1890 in Prag unter der Leitung des Komponisten statt. Quelle: Wikipedia 8. Sinfonie (Dvo\u0159\u00e1k) Das Cellokonzert h-moll, Opus 104, von Anton\u00edn Dvo\u0159\u00e1k ist eines der ber\u00fchmtesten Cellokonzerte und geh\u00f6rt zu Dvo\u0159\u00e1ks bekanntesten Werken. Es ist eines der&hellip;<\/p>\n<p> <a class=\"more-link\" href=\"https:\/\/studentenphilharmonie.de\/index.php\/programmarchiv\/programm-wintersemester-2019-2020\/\">Weiterlesen<\/a><\/p>\n","protected":false},"author":20,"featured_media":554,"parent":870,"menu_order":0,"comment_status":"closed","ping_status":"closed","template":"","meta":{"_acf_changed":false,"footnotes":""},"class_list":["post-894","page","type-page","status-publish","has-post-thumbnail"],"acf":[],"_links":{"self":[{"href":"https:\/\/studentenphilharmonie.de\/index.php\/wp-json\/wp\/v2\/pages\/894","targetHints":{"allow":["GET"]}}],"collection":[{"href":"https:\/\/studentenphilharmonie.de\/index.php\/wp-json\/wp\/v2\/pages"}],"about":[{"href":"https:\/\/studentenphilharmonie.de\/index.php\/wp-json\/wp\/v2\/types\/page"}],"author":[{"embeddable":true,"href":"https:\/\/studentenphilharmonie.de\/index.php\/wp-json\/wp\/v2\/users\/20"}],"replies":[{"embeddable":true,"href":"https:\/\/studentenphilharmonie.de\/index.php\/wp-json\/wp\/v2\/comments?post=894"}],"version-history":[{"count":2,"href":"https:\/\/studentenphilharmonie.de\/index.php\/wp-json\/wp\/v2\/pages\/894\/revisions"}],"predecessor-version":[{"id":1001,"href":"https:\/\/studentenphilharmonie.de\/index.php\/wp-json\/wp\/v2\/pages\/894\/revisions\/1001"}],"up":[{"embeddable":true,"href":"https:\/\/studentenphilharmonie.de\/index.php\/wp-json\/wp\/v2\/pages\/870"}],"wp:featuredmedia":[{"embeddable":true,"href":"https:\/\/studentenphilharmonie.de\/index.php\/wp-json\/wp\/v2\/media\/554"}],"wp:attachment":[{"href":"https:\/\/studentenphilharmonie.de\/index.php\/wp-json\/wp\/v2\/media?parent=894"}],"curies":[{"name":"wp","href":"https:\/\/api.w.org\/{rel}","templated":true}]}}

<ul class="wp-block-list">
<li>Antonín Dvořák, Sinfonie Nr. 8 G-Dur, Op.88</li>
</ul>



<blockquote class="wp-block-quote is-layout-flow wp-block-quote-is-layout-flow">
<p>Die <strong>Sinfonie Nr. 8 G-Dur op. 88</strong> (<a href="https://de.wikipedia.org/wiki/Burghauser-Katalog" target="_blank" rel="noopener">B</a> 163) ist eine <a href="https://de.wikipedia.org/wiki/Sinfonie" target="_blank" rel="noopener">Sinfonie</a> des <a href="https://de.wikipedia.org/wiki/B%C3%B6hmen" target="_blank" rel="noopener">böhmischen</a> <a href="https://de.wikipedia.org/wiki/Komponist" target="_blank" rel="noopener">Komponisten</a> <a href="https://de.wikipedia.org/wiki/Anton%C3%ADn_Dvo%C5%99%C3%A1k" target="_blank" rel="noopener">Antonín Dvořák</a>. Zu Lebzeiten des Komponisten wurde sie als dessen 4. Sinfonie gezählt.</p>



<p>Dvořák schrieb die Sinfonie 1889 anlässlich seiner, wie er auf dem Titelblatt der Partitur vermerkte, „Aufnahme in die Böhmische Kaiser-Franz-Joseph-Akademie für Wissenschaft, Literatur und Kunst“. Zur düsteren Stimmung der <a href="https://de.wikipedia.org/wiki/7._Sinfonie_(Dvo%C5%99%C3%A1k)" target="_blank" rel="noopener">7. Sinfonie</a> Dvořáks bildet die 8. Sinfonie einen gelösten, lyrischen Kontrast. Bei der Komposition, mit der sich Dvořák zum Ziel setzte, „ein von meinen anderen Symphonien verschiedenes Werk zu schreiben, mit individuellen, in neuer Weise ausgearbeiteten Gedanken“, ließ Dvořák sich von der Landschaft bei <a href="https://de.wikipedia.org/wiki/Vysok%C3%A1_u_P%C5%99%C3%ADbram%C4%9B" target="_blank" rel="noopener">Vysoká u Příbramě</a>, seinem Sommersitz, inspirieren. Die Uraufführung fand am 2. Februar 1890 in <a href="https://de.wikipedia.org/wiki/Prag" target="_blank" rel="noopener">Prag</a> unter der Leitung des Komponisten statt.</p>
<cite>Quelle: <a href="https://de.wikipedia.org/wiki/8._Sinfonie_(Dvo%C5%99%C3%A1k)" target="_blank" rel="noopener">Wikipedia 8. Sinfonie (Dvořák)</a></cite></blockquote>



<ul class="wp-block-list">
<li>Antonín Dvořák, Konzert für Violoncello und Orchester h-moll, Op. 104</li>
</ul>



<blockquote class="wp-block-quote is-layout-flow wp-block-quote-is-layout-flow">
<p>Das <strong>Cellokonzert h-moll</strong>, Opus 104, von <a href="https://de.wikipedia.org/wiki/Anton%C3%ADn_Dvo%C5%99%C3%A1k" target="_blank" rel="noopener">Antonín Dvořák</a> ist eines der berühmtesten Cellokonzerte und gehört zu Dvořáks bekanntesten Werken. Es ist eines der wichtigsten Stücke des <a href="https://de.wikipedia.org/wiki/Violoncello" target="_blank" rel="noopener">Violoncello</a>-Repertoires.</p>



<p>Dvořák schrieb das Cellokonzert zwischen dem 8. November 1894 und dem 9. Februar 1895 in den USA. Zunächst war er von diesem Instrument wenig begeistert. Die <a href="https://de.wikipedia.org/wiki/Urauff%C3%BChrung" target="_blank" rel="noopener">Uraufführung</a> von <a href="https://de.wikipedia.org/wiki/Victor_Herbert" target="_blank" rel="noopener">Victor Herberts</a> zweitem Cellokonzert gab ihm den Impuls, selbst ein Konzert zu schreiben. Dem Konzert ging bereits ein Versuch voraus: 1865 hatte Dvorak ein Cellokonzert in A-Dur (ohne Opuszahl) geschrieben, das aber weder veröffentlicht noch orchestriert wurde.</p>



<p>1895 soll <a href="https://de.wikipedia.org/wiki/Johannes_Brahms" target="_blank" rel="noopener">Johannes Brahms</a>, nachdem er die <a href="https://de.wikipedia.org/wiki/Partitur" target="_blank" rel="noopener">Partitur</a> gelesen hatte, ausgerufen haben: „Warum habe ich nicht gewusst, dass man ein Cellokonzert wie dieses schreiben kann? Hätte ich es gewusst, hätte ich schon vor langer Zeit eines geschrieben!“</p>



<p>Das Konzert wurde am <a href="https://de.wikipedia.org/wiki/19._M%C3%A4rz" target="_blank" rel="noopener">19. März</a> <a href="https://de.wikipedia.org/wiki/1896" target="_blank" rel="noopener">1896</a> in <a href="https://de.wikipedia.org/wiki/London" target="_blank" rel="noopener">London</a> uraufgeführt. Der englische Cellist Leo Stern spielte mit der <a href="https://de.wikipedia.org/wiki/Royal_Philharmonic_Society" target="_blank" rel="noopener">Royal Philharmonic Society</a> unter der Leitung des Komponisten. Ursprünglich hätte es <a href="https://de.wikipedia.org/wiki/Hanu%C5%A1_Wihan" target="_blank" rel="noopener">Hanuš Wihan</a> spielen sollen, dem das Werk auch gewidmet ist und der ein Freund Dvořáks war. Wihan hatte aber zu viele kompositorische Änderungen vorgeschlagen und sogar selbst eine <a href="https://de.wikipedia.org/wiki/Kadenz_(Solokonzert)" target="_blank" rel="noopener">Kadenz</a> ausgearbeitet, was Dvořák dann zu weit gegangen war.</p>
<cite>Quelle: <a href="https://de.wikipedia.org/wiki/Cellokonzert_(Dvo%C5%99%C3%A1k)" target="_blank" rel="noopener">Wikipedia, Cellokonzert (Dvořák)</a></cite></blockquote>



<ul class="wp-block-list">
<li>Bedřick Smetana, Die Moldau (Vltava)</li>
</ul>



<blockquote class="wp-block-quote is-layout-flow wp-block-quote-is-layout-flow">
<p><strong>Die Moldau</strong> (tschechisch <em>Vltava</em>) T 111, JB 1:112/2 ist der zweite Teil aus <a href="https://de.wikipedia.org/wiki/Mein_Vaterland" target="_blank" rel="noopener">Mein Vaterland</a> (<em>Má vlast</em>), einem Zyklus von sechs <a href="https://de.wikipedia.org/wiki/Sinfonische_Dichtung" target="_blank" rel="noopener">sinfonischen Dichtungen</a> des tschechischen <a href="https://de.wikipedia.org/wiki/Komponist" target="_blank" rel="noopener">Komponisten</a> <a href="https://de.wikipedia.org/wiki/Bed%C5%99ich_Smetana" target="_blank" rel="noopener">Bedřich Smetana</a>. Die Komposition zeichnet den Lauf des <a href="https://de.wikipedia.org/wiki/Moldau_(Fluss)" target="_blank" rel="noopener">gleichnamigen Flusses</a> nach und gehört zu den berühmtesten Werken der <a href="https://de.wikipedia.org/wiki/Programmmusik" target="_blank" rel="noopener">Programmmusik</a>. Das Werk entstand 1874, als Smetana bereits vollständig <a href="https://de.wikipedia.org/wiki/Taubheit_(Ohr)" target="_blank" rel="noopener">ertaubt</a> war, und wurde am 4. April 1875 in <a href="https://de.wikipedia.org/wiki/Prag" target="_blank" rel="noopener">Prag</a> uraufgeführt. Die <a href="https://de.wikipedia.org/wiki/Spieldauer_(Musik)" target="_blank" rel="noopener">Spieldauer</a> beträgt circa 12 Minuten.</p>
<cite>Quelle: <a href="https://de.wikipedia.org/wiki/Die_Moldau" target="_blank" rel="noopener">Wikipedia, Die Moldau</a></cite></blockquote>



<ul class="wp-block-list">
<li>Matthias Hutter, Fantasie für Klavier und Orchester, Op. 40, Uraufführung</li>
</ul>



<div class="wp-block-buttons is-layout-flex wp-block-buttons-is-layout-flex">
<div class="wp-block-button"><a class="wp-block-button__link wp-element-button" href="https://studentenphilharmonie.de/index.php/programmarchiv/">Programmarchiv vergangener Konzerte</a></div>
</div>



<div style="height:45px" aria-hidden="true" class="wp-block-spacer"></div>


<div class="wp-block-image">
<figure class="aligncenter size-large"><img loading="lazy" decoding="async" width="724" height="1024" src="https://studentenphilharmonie.de/wp-content/uploads/2023/03/79958096_3149831251710361_1604663922827198464_n-724x1024.jpg" alt="" class="wp-image-1000" srcset="https://studentenphilharmonie.de/wp-content/uploads/2023/03/79958096_3149831251710361_1604663922827198464_n-724x1024.jpg 724w, https://studentenphilharmonie.de/wp-content/uploads/2023/03/79958096_3149831251710361_1604663922827198464_n-600x849.jpg 600w, https://studentenphilharmonie.de/wp-content/uploads/2023/03/79958096_3149831251710361_1604663922827198464_n-212x300.jpg 212w, https://studentenphilharmonie.de/wp-content/uploads/2023/03/79958096_3149831251710361_1604663922827198464_n-768x1086.jpg 768w, https://studentenphilharmonie.de/wp-content/uploads/2023/03/79958096_3149831251710361_1604663922827198464_n-1086x1536.jpg 1086w, https://studentenphilharmonie.de/wp-content/uploads/2023/03/79958096_3149831251710361_1604663922827198464_n.jpg 1131w" sizes="auto, (max-width: 724px) 100vw, 724px" /></figure>
</div>

<p>Die Sinfonie Nr. 8 G-Dur op. 88 (B 163) ist eine Sinfonie des böhmischen Komponisten Antonín Dvořák. Zu Lebzeiten des Komponisten wurde sie als dessen 4. Sinfonie gezählt. Dvořák schrieb die Sinfonie 1889 anlässlich seiner, wie er auf dem Titelblatt der Partitur vermerkte, „Aufnahme in die Böhmische Kaiser-Franz-Joseph-Akademie für Wissenschaft, Literatur und Kunst“. Zur düsteren Stimmung der 7. Sinfonie Dvořáks bildet die 8. Sinfonie einen gelösten, lyrischen Kontrast. Bei der Komposition, mit der sich Dvořák zum Ziel setzte, „ein von meinen anderen Symphonien verschiedenes Werk zu schreiben, mit individuellen, in neuer Weise ausgearbeiteten Gedanken“, ließ Dvořák sich von der Landschaft bei Vysoká u Příbramě, seinem Sommersitz, inspirieren. Die Uraufführung fand am 2. Februar 1890 in Prag unter der Leitung des Komponisten statt. Quelle: Wikipedia 8. Sinfonie (Dvořák) Das Cellokonzert h-moll, Opus 104, von Antonín Dvořák ist eines der berühmtesten Cellokonzerte und gehört zu Dvořáks bekanntesten Werken. Es ist eines der&hellip;</p>
<p> <a class="more-link" href="https://studentenphilharmonie.de/index.php/programmarchiv/programm-wintersemester-2019-2020/">Weiterlesen</a></p>
