{"id":874,"date":"2023-01-28T19:54:17","date_gmt":"2023-01-28T18:54:17","guid":{"rendered":"https:\/\/studentenphilharmonie.de\/?page_id=874"},"modified":"2024-04-04T03:35:01","modified_gmt":"2024-04-04T01:35:01","slug":"programm-wintersemester-2022-2023","status":"publish","type":"page","link":"https:\/\/studentenphilharmonie.de\/index.php\/programmarchiv\/programm-wintersemester-2022-2023\/","title":{"rendered":"Programm Wintersemester 2022\/2023"},"content":{"rendered":"\n<div class=\"wp-block-group\"><div class=\"wp-block-group__inner-container is-layout-flow wp-block-group-is-layout-flow\">\n<ul class=\"wp-block-list\">\n<li>Anton Bruckner: 4.Sinfonie<\/li>\n<\/ul>\n\n\n\n<blockquote class=\"wp-block-quote quote-in-list is-layout-flow wp-block-quote-is-layout-flow\">\n<p>Die <strong>Vierte Sinfonie in Es-Dur<\/strong> (<a href=\"https:\/\/de.wikipedia.org\/wiki\/Werkverzeichnis_Anton_Bruckner\" target=\"_blank\" rel=\"noopener\">WAB<\/a> 104) mit dem Beinamen <em>Die Romantische<\/em> ist neben der <a href=\"https:\/\/de.wikipedia.org\/wiki\/7._Sinfonie_(Bruckner)\" target=\"_blank\" rel=\"noopener\">Siebenten<\/a> die wohl beliebteste <a href=\"https:\/\/de.wikipedia.org\/wiki\/Sinfonie\" target=\"_blank\" rel=\"noopener\">Sinfonie<\/a> von <a href=\"https:\/\/de.wikipedia.org\/wiki\/Anton_Bruckner\" target=\"_blank\" rel=\"noopener\">Anton Bruckner<\/a>. Die erste Fassung entstand 1874. Die zweite Fassung von 1878 enth\u00e4lt ein v\u00f6llig neu komponiertes Scherzo. In den Jahren 1879\/80 \u00fcberarbeitete Bruckner noch einmal das Finale.<\/p>\n<cite>Quelle: <a href=\"https:\/\/de.wikipedia.org\/wiki\/4._Sinfonie_(Bruckner)\" target=\"_blank\" rel=\"noreferrer noopener\">Wikipedia, 4. Sinfonie (Bruckner)<\/a><\/cite><\/blockquote>\n<\/div><\/div>\n\n\n\n<div class=\"wp-block-group\"><div class=\"wp-block-group__inner-container is-layout-flow wp-block-group-is-layout-flow\">\n<ul class=\"wp-block-list\">\n<li>Felix Mendelssohn Bartholdy: Violin-Konzert; Solist: <a href=\"https:\/\/studentenphilharmonie.de\/index.php\/ueber-uns\/#Prof.-Dr.-Christian-Ostertag\">Prof. Dr. Ostertag<\/a><\/li>\n<\/ul>\n\n\n\n<blockquote class=\"wp-block-quote quote-in-list is-layout-flow wp-block-quote-is-layout-flow\">\n<p>Das <strong><a href=\"https:\/\/de.wikipedia.org\/wiki\/Violinkonzert\" target=\"_blank\" rel=\"noopener\">Violinkonzert<\/a> <a href=\"https:\/\/de.wikipedia.org\/wiki\/E-Moll\" target=\"_blank\" rel=\"noopener\">e-Moll<\/a> op. 64<\/strong> (<a href=\"https:\/\/de.wikipedia.org\/wiki\/Mendelssohn-Werkverzeichnis\" target=\"_blank\" rel=\"noopener\">MWV O 14<\/a>) ist ein klassisches Orchesterwerk des Komponisten <a href=\"https:\/\/de.wikipedia.org\/wiki\/Felix_Mendelssohn_Bartholdy\" target=\"_blank\" rel=\"noopener\">Felix Mendelssohn Bartholdy<\/a>. Bereits im Juli 1838 hatte Mendelssohn seinem Freund, dem Geiger <a href=\"https:\/\/de.wikipedia.org\/wiki\/Ferdinand_David\" target=\"_blank\" rel=\"noopener\">Ferdinand David<\/a>, angek\u00fcndigt: \u201eIch m\u00f6chte Dir wohl auch ein Violinkonzert machen f\u00fcr n\u00e4chsten Winter; eins in e-moll steht mir im Kopfe, dessen Anfang mir keine Ruhe l\u00e4\u00dft.\u201c<\/p>\n\n\n\n<p>Sechs Jahre sp\u00e4ter, im Jahre 1844, wurde das Violinkonzert in <a href=\"https:\/\/de.wikipedia.org\/wiki\/Bad_Soden_am_Taunus\" target=\"_blank\" rel=\"noopener\">Bad Soden<\/a> vollendet. Uraufgef\u00fchrt wurde es am 13. M\u00e4rz 1845 in <a href=\"https:\/\/de.wikipedia.org\/wiki\/Leipzig\" target=\"_blank\" rel=\"noopener\">Leipzig<\/a> mit Ferdinand David als Solist. <\/p>\n<cite>Quelle: <a href=\"https:\/\/de.wikipedia.org\/wiki\/Violinkonzert_e-Moll_(Mendelssohn)\" target=\"_blank\" rel=\"noreferrer noopener\">Wikipedia, Violinkonzert e-Moll (Mendelssohn)<\/a><\/cite><\/blockquote>\n<\/div><\/div>\n\n\n\n<div class=\"wp-block-group\"><div class=\"wp-block-group__inner-container is-layout-flow wp-block-group-is-layout-flow\">\n<ul class=\"wp-block-list\">\n<li>Mirco Oswald: Goldene \u00c4hren, Urauff\u00fchrung<\/li>\n<\/ul>\n\n\n\n<div class=\"wp-block-buttons is-layout-flex wp-block-buttons-is-layout-flex\">\n<div class=\"wp-block-button\"><a class=\"wp-block-button__link wp-element-button\" href=\"https:\/\/studentenphilharmonie.de\/wp-content\/uploads\/2023\/01\/Programmheft-WS-22-23.pdf\">Programmheft<\/a><\/div>\n\n\n\n<div class=\"wp-block-button\"><a class=\"wp-block-button__link wp-element-button\" href=\"https:\/\/studentenphilharmonie.de\/index.php\/programmarchiv\/\">Programmarchiv vergangener Konzerte<\/a><\/div>\n<\/div>\n<\/div><\/div>\n\n\n\n<div style=\"height:50px\" aria-hidden=\"true\" class=\"wp-block-spacer\"><\/div>\n\n\n<div class=\"wp-block-image\">\n<figure class=\"aligncenter size-large\"><img loading=\"lazy\" decoding=\"async\" width=\"729\" height=\"1024\" src=\"https:\/\/studentenphilharmonie.de\/wp-content\/uploads\/2022\/12\/konzert-tuebingen-ws22-23-729x1024.jpg\" alt=\"\" class=\"wp-image-734\" srcset=\"https:\/\/studentenphilharmonie.de\/wp-content\/uploads\/2022\/12\/konzert-tuebingen-ws22-23-729x1024.jpg 729w, https:\/\/studentenphilharmonie.de\/wp-content\/uploads\/2022\/12\/konzert-tuebingen-ws22-23-600x842.jpg 600w, https:\/\/studentenphilharmonie.de\/wp-content\/uploads\/2022\/12\/konzert-tuebingen-ws22-23-214x300.jpg 214w, https:\/\/studentenphilharmonie.de\/wp-content\/uploads\/2022\/12\/konzert-tuebingen-ws22-23-768x1078.jpg 768w, https:\/\/studentenphilharmonie.de\/wp-content\/uploads\/2022\/12\/konzert-tuebingen-ws22-23.jpg 1080w\" sizes=\"auto, (max-width: 729px) 100vw, 729px\" \/><\/figure>\n<\/div>\n\n\n<p><\/p>\n\n\n<div class=\"wp-block-image\">\n<figure class=\"aligncenter size-full\"><img loading=\"lazy\" decoding=\"async\" width=\"636\" height=\"900\" src=\"https:\/\/studentenphilharmonie.de\/wp-content\/uploads\/2022\/12\/konzert-calw-ws-22-23.jpg\" alt=\"\" class=\"wp-image-735\" srcset=\"https:\/\/studentenphilharmonie.de\/wp-content\/uploads\/2022\/12\/konzert-calw-ws-22-23.jpg 636w, https:\/\/studentenphilharmonie.de\/wp-content\/uploads\/2022\/12\/konzert-calw-ws-22-23-600x849.jpg 600w, https:\/\/studentenphilharmonie.de\/wp-content\/uploads\/2022\/12\/konzert-calw-ws-22-23-212x300.jpg 212w\" sizes=\"auto, (max-width: 636px) 100vw, 636px\" \/><\/figure>\n<\/div>","protected":false},"excerpt":{"rendered":"<p>Die Vierte Sinfonie in Es-Dur (WAB 104) mit dem Beinamen Die Romantische ist neben der Siebenten die wohl beliebteste Sinfonie von Anton Bruckner. Die erste Fassung entstand 1874. Die zweite Fassung von 1878 enth\u00e4lt ein v\u00f6llig neu komponiertes Scherzo. In den Jahren 1879\/80 \u00fcberarbeitete Bruckner noch einmal das Finale. Das Violinkonzert e-Moll op. 64 (MWV O 14) ist ein klassisches Orchesterwerk des Komponisten Felix Mendelssohn Bartholdy. Bereits im Juli 1838 hatte Mendelssohn seinem Freund, dem Geiger Ferdinand David, angek\u00fcndigt: \u201eIch m\u00f6chte Dir wohl auch ein Violinkonzert machen f\u00fcr n\u00e4chsten Winter; eins in e-moll steht mir im Kopfe, dessen Anfang mir keine Ruhe l\u00e4\u00dft.\u201c Sechs Jahre sp\u00e4ter, im Jahre 1844, wurde das Violinkonzert in Bad Soden vollendet. Uraufgef\u00fchrt wurde es am 13. M\u00e4rz 1845 in Leipzig mit Ferdinand David als Solist.<\/p>\n","protected":false},"author":20,"featured_media":875,"parent":870,"menu_order":0,"comment_status":"closed","ping_status":"closed","template":"","meta":{"_acf_changed":false,"footnotes":""},"class_list":["post-874","page","type-page","status-publish","has-post-thumbnail"],"acf":[],"_links":{"self":[{"href":"https:\/\/studentenphilharmonie.de\/index.php\/wp-json\/wp\/v2\/pages\/874","targetHints":{"allow":["GET"]}}],"collection":[{"href":"https:\/\/studentenphilharmonie.de\/index.php\/wp-json\/wp\/v2\/pages"}],"about":[{"href":"https:\/\/studentenphilharmonie.de\/index.php\/wp-json\/wp\/v2\/types\/page"}],"author":[{"embeddable":true,"href":"https:\/\/studentenphilharmonie.de\/index.php\/wp-json\/wp\/v2\/users\/20"}],"replies":[{"embeddable":true,"href":"https:\/\/studentenphilharmonie.de\/index.php\/wp-json\/wp\/v2\/comments?post=874"}],"version-history":[{"count":8,"href":"https:\/\/studentenphilharmonie.de\/index.php\/wp-json\/wp\/v2\/pages\/874\/revisions"}],"predecessor-version":[{"id":1782,"href":"https:\/\/studentenphilharmonie.de\/index.php\/wp-json\/wp\/v2\/pages\/874\/revisions\/1782"}],"up":[{"embeddable":true,"href":"https:\/\/studentenphilharmonie.de\/index.php\/wp-json\/wp\/v2\/pages\/870"}],"wp:featuredmedia":[{"embeddable":true,"href":"https:\/\/studentenphilharmonie.de\/index.php\/wp-json\/wp\/v2\/media\/875"}],"wp:attachment":[{"href":"https:\/\/studentenphilharmonie.de\/index.php\/wp-json\/wp\/v2\/media?parent=874"}],"curies":[{"name":"wp","href":"https:\/\/api.w.org\/{rel}","templated":true}]}}

<div class="wp-block-group"><div class="wp-block-group__inner-container is-layout-flow wp-block-group-is-layout-flow">
<ul class="wp-block-list">
<li>Anton Bruckner: 4.Sinfonie</li>
</ul>



<blockquote class="wp-block-quote quote-in-list is-layout-flow wp-block-quote-is-layout-flow">
<p>Die <strong>Vierte Sinfonie in Es-Dur</strong> (<a href="https://de.wikipedia.org/wiki/Werkverzeichnis_Anton_Bruckner" target="_blank" rel="noopener">WAB</a> 104) mit dem Beinamen <em>Die Romantische</em> ist neben der <a href="https://de.wikipedia.org/wiki/7._Sinfonie_(Bruckner)" target="_blank" rel="noopener">Siebenten</a> die wohl beliebteste <a href="https://de.wikipedia.org/wiki/Sinfonie" target="_blank" rel="noopener">Sinfonie</a> von <a href="https://de.wikipedia.org/wiki/Anton_Bruckner" target="_blank" rel="noopener">Anton Bruckner</a>. Die erste Fassung entstand 1874. Die zweite Fassung von 1878 enthält ein völlig neu komponiertes Scherzo. In den Jahren 1879/80 überarbeitete Bruckner noch einmal das Finale.</p>
<cite>Quelle: <a href="https://de.wikipedia.org/wiki/4._Sinfonie_(Bruckner)" target="_blank" rel="noreferrer noopener">Wikipedia, 4. Sinfonie (Bruckner)</a></cite></blockquote>
</div></div>



<div class="wp-block-group"><div class="wp-block-group__inner-container is-layout-flow wp-block-group-is-layout-flow">
<ul class="wp-block-list">
<li>Felix Mendelssohn Bartholdy: Violin-Konzert; Solist: <a href="https://studentenphilharmonie.de/index.php/ueber-uns/#Prof.-Dr.-Christian-Ostertag">Prof. Dr. Ostertag</a></li>
</ul>



<blockquote class="wp-block-quote quote-in-list is-layout-flow wp-block-quote-is-layout-flow">
<p>Das <strong><a href="https://de.wikipedia.org/wiki/Violinkonzert" target="_blank" rel="noopener">Violinkonzert</a> <a href="https://de.wikipedia.org/wiki/E-Moll" target="_blank" rel="noopener">e-Moll</a> op. 64</strong> (<a href="https://de.wikipedia.org/wiki/Mendelssohn-Werkverzeichnis" target="_blank" rel="noopener">MWV O 14</a>) ist ein klassisches Orchesterwerk des Komponisten <a href="https://de.wikipedia.org/wiki/Felix_Mendelssohn_Bartholdy" target="_blank" rel="noopener">Felix Mendelssohn Bartholdy</a>. Bereits im Juli 1838 hatte Mendelssohn seinem Freund, dem Geiger <a href="https://de.wikipedia.org/wiki/Ferdinand_David" target="_blank" rel="noopener">Ferdinand David</a>, angekündigt: „Ich möchte Dir wohl auch ein Violinkonzert machen für nächsten Winter; eins in e-moll steht mir im Kopfe, dessen Anfang mir keine Ruhe läßt.“</p>



<p>Sechs Jahre später, im Jahre 1844, wurde das Violinkonzert in <a href="https://de.wikipedia.org/wiki/Bad_Soden_am_Taunus" target="_blank" rel="noopener">Bad Soden</a> vollendet. Uraufgeführt wurde es am 13. März 1845 in <a href="https://de.wikipedia.org/wiki/Leipzig" target="_blank" rel="noopener">Leipzig</a> mit Ferdinand David als Solist. </p>
<cite>Quelle: <a href="https://de.wikipedia.org/wiki/Violinkonzert_e-Moll_(Mendelssohn)" target="_blank" rel="noreferrer noopener">Wikipedia, Violinkonzert e-Moll (Mendelssohn)</a></cite></blockquote>
</div></div>



<div class="wp-block-group"><div class="wp-block-group__inner-container is-layout-flow wp-block-group-is-layout-flow">
<ul class="wp-block-list">
<li>Mirco Oswald: Goldene Ähren, Uraufführung</li>
</ul>



<div class="wp-block-buttons is-layout-flex wp-block-buttons-is-layout-flex">
<div class="wp-block-button"><a class="wp-block-button__link wp-element-button" href="https://studentenphilharmonie.de/wp-content/uploads/2023/01/Programmheft-WS-22-23.pdf">Programmheft</a></div>



<div class="wp-block-button"><a class="wp-block-button__link wp-element-button" href="https://studentenphilharmonie.de/index.php/programmarchiv/">Programmarchiv vergangener Konzerte</a></div>
</div>
</div></div>



<div style="height:50px" aria-hidden="true" class="wp-block-spacer"></div>


<div class="wp-block-image">
<figure class="aligncenter size-large"><img loading="lazy" decoding="async" width="729" height="1024" src="https://studentenphilharmonie.de/wp-content/uploads/2022/12/konzert-tuebingen-ws22-23-729x1024.jpg" alt="" class="wp-image-734" srcset="https://studentenphilharmonie.de/wp-content/uploads/2022/12/konzert-tuebingen-ws22-23-729x1024.jpg 729w, https://studentenphilharmonie.de/wp-content/uploads/2022/12/konzert-tuebingen-ws22-23-600x842.jpg 600w, https://studentenphilharmonie.de/wp-content/uploads/2022/12/konzert-tuebingen-ws22-23-214x300.jpg 214w, https://studentenphilharmonie.de/wp-content/uploads/2022/12/konzert-tuebingen-ws22-23-768x1078.jpg 768w, https://studentenphilharmonie.de/wp-content/uploads/2022/12/konzert-tuebingen-ws22-23.jpg 1080w" sizes="auto, (max-width: 729px) 100vw, 729px" /></figure>
</div>


<p></p>


<div class="wp-block-image">
<figure class="aligncenter size-full"><img loading="lazy" decoding="async" width="636" height="900" src="https://studentenphilharmonie.de/wp-content/uploads/2022/12/konzert-calw-ws-22-23.jpg" alt="" class="wp-image-735" srcset="https://studentenphilharmonie.de/wp-content/uploads/2022/12/konzert-calw-ws-22-23.jpg 636w, https://studentenphilharmonie.de/wp-content/uploads/2022/12/konzert-calw-ws-22-23-600x849.jpg 600w, https://studentenphilharmonie.de/wp-content/uploads/2022/12/konzert-calw-ws-22-23-212x300.jpg 212w" sizes="auto, (max-width: 636px) 100vw, 636px" /></figure>
</div>

<p>Die Vierte Sinfonie in Es-Dur (WAB 104) mit dem Beinamen Die Romantische ist neben der Siebenten die wohl beliebteste Sinfonie von Anton Bruckner. Die erste Fassung entstand 1874. Die zweite Fassung von 1878 enthält ein völlig neu komponiertes Scherzo. In den Jahren 1879/80 überarbeitete Bruckner noch einmal das Finale. Das Violinkonzert e-Moll op. 64 (MWV O 14) ist ein klassisches Orchesterwerk des Komponisten Felix Mendelssohn Bartholdy. Bereits im Juli 1838 hatte Mendelssohn seinem Freund, dem Geiger Ferdinand David, angekündigt: „Ich möchte Dir wohl auch ein Violinkonzert machen für nächsten Winter; eins in e-moll steht mir im Kopfe, dessen Anfang mir keine Ruhe läßt.“ Sechs Jahre später, im Jahre 1844, wurde das Violinkonzert in Bad Soden vollendet. Uraufgeführt wurde es am 13. März 1845 in Leipzig mit Ferdinand David als Solist.</p>
