{"id":3321,"date":"2026-02-17T01:20:40","date_gmt":"2026-02-17T00:20:40","guid":{"rendered":"https:\/\/studentenphilharmonie.de\/?page_id=3321"},"modified":"2026-02-17T01:23:40","modified_gmt":"2026-02-17T00:23:40","slug":"programm-wintersemester-2025-2026","status":"publish","type":"page","link":"https:\/\/studentenphilharmonie.de\/index.php\/programmarchiv\/programm-wintersemester-2025-2026\/","title":{"rendered":"Programm Wintersemester 2025\/2026"},"content":{"rendered":"\n<p>Im Wintersemester 2025\/2026 standen folgende St\u00fccke auf dem Programm:<\/p>\n\n\n\n<div class=\"wp-block-group\"><div class=\"wp-block-group__inner-container is-layout-flow wp-block-group-is-layout-flow\">\n<div class=\"wp-block-group\"><div class=\"wp-block-group__inner-container is-layout-constrained wp-block-group-is-layout-constrained\">\n<ul class=\"wp-block-list\">\n<li>Johannes Brahms: Klavierkonzert Nr. 1, Klavier: Tai Huang<\/li>\n\n\n\n<li>Johannes Brahms: Klavierkonzert Nr. 2, Klavier: Emre Elivar<\/li>\n\n\n\n<li>Pietro Mascagni: L\u2019Amico Fritz, Ouvert\u00fcre<\/li>\n\n\n\n<li>D.S. Svintridis: Two Portraits, Urauff\u00fchrung<\/li>\n<\/ul>\n<\/div><\/div>\n\n\n\n<h3 class=\"wp-block-heading\">Hintergr\u00fcnde:<\/h3>\n\n\n\n<ul class=\"wp-block-list\">\n<li>Camille <strong>Saint-Sa\u00ebns: 1. Cello-Konzert<\/strong><\/li>\n<\/ul>\n\n\n\n<blockquote class=\"wp-block-quote is-layout-flow wp-block-quote-is-layout-flow\">\n<p id=\"block-6074adf4-3142-44e3-9fd0-8d8b114d78a2\"><a href=\"https:\/\/en.wikipedia.org\/wiki\/Camille_Saint-Sa%C3%ABns\" target=\"_blank\" rel=\"noopener\">Camille Saint-Sa\u00ebns<\/a> composed his <strong>Cello Concerto No. 1<\/strong> in <a href=\"https:\/\/en.wikipedia.org\/wiki\/A_minor\" target=\"_blank\" rel=\"noopener\">A minor<\/a>, <a href=\"https:\/\/en.wikipedia.org\/wiki\/Opus_number\" target=\"_blank\" rel=\"noopener\">Op.<\/a> 33, in 1872, when he was 37 years old. He wrote this work for the French <a href=\"https:\/\/en.wikipedia.org\/wiki\/Cellist\" target=\"_blank\" rel=\"noopener\">cellist<\/a>, <a href=\"https:\/\/en.wikipedia.org\/wiki\/Viola_da_gamba\" target=\"_blank\" rel=\"noopener\">viola da gamba<\/a> player and instrument maker <a href=\"https:\/\/en.wikipedia.org\/wiki\/Auguste_Tolbecque\" target=\"_blank\" rel=\"noopener\">Auguste Tolbecque<\/a>. Tolbecque was part of a distinguished family of musicians closely associated with the Soci\u00e9t\u00e9 des Concerts du Conservatoire, France&#8217;s leading concert society. The concerto was first performed on January 19, 1873, at the Paris Conservatoire concert with Tolbecque as soloist. This was considered a mark of Saint-Sa\u00ebns&#8216; growing acceptance by the French musical establishment.<\/p>\n\n\n\n<p id=\"block-6074adf4-3142-44e3-9fd0-8d8b114d78a2\">Sir <a href=\"https:\/\/en.wikipedia.org\/wiki\/Donald_Francis_Tovey\" target=\"_blank\" rel=\"noopener\">Donald Francis Tovey<\/a> later wrote &#8222;Here, for once, is a violoncello concerto in which the solo instrument displays every register without the slightest difficulty in penetrating the orchestra.&#8220;<sup><a href=\"https:\/\/en.wikipedia.org\/wiki\/Cello_Concerto_No._1_(Saint-Sa%C3%ABns)#cite_note-1\" target=\"_blank\" rel=\"noopener\">[1]<\/a><\/sup><sup><a href=\"https:\/\/en.wikipedia.org\/wiki\/Cello_Concerto_No._1_(Saint-Sa%C3%ABns)#cite_note-Tovey_p196-2\" target=\"_blank\" rel=\"noopener\">[2]<\/a><\/sup> Many composers, including <a href=\"https:\/\/en.wikipedia.org\/wiki\/Shostakovich\" target=\"_blank\" rel=\"noopener\">Shostakovich<\/a> and <a href=\"https:\/\/en.wikipedia.org\/wiki\/Rachmaninoff\" target=\"_blank\" rel=\"noopener\">Rachmaninoff<\/a>, considered this concerto to be the greatest of all cello concertos.<sup><a href=\"https:\/\/en.wikipedia.org\/wiki\/Cello_Concerto_No._1_(Saint-Sa%C3%ABns)#cite_note-3\" target=\"_blank\" rel=\"noopener\">[3]<\/a><\/sup> <a href=\"https:\/\/en.wikipedia.org\/wiki\/Yo-Yo_Ma\" target=\"_blank\" rel=\"noopener\">Yo-Yo Ma<\/a>&#8217;s recording of five &#8222;Great Cello Concertos&#8220; includes <a href=\"https:\/\/en.wikipedia.org\/wiki\/Cello_Concerto_(Dvo%C5%99%C3%A1k)\" target=\"_blank\" rel=\"noopener\">Dvo\u0159\u00e1k&#8217;s<\/a>, <a href=\"https:\/\/en.wikipedia.org\/wiki\/Cello_Concerto_(Elgar)\" target=\"_blank\" rel=\"noopener\">Elgar&#8217;s<\/a>, <a href=\"https:\/\/en.wikipedia.org\/wiki\/Cello_Concerto_No._2_(Haydn)\" target=\"_blank\" rel=\"noopener\">Haydn&#8217;s 2nd<\/a>, Saint-Sa\u00ebns&#8216; first, and <a href=\"https:\/\/en.wikipedia.org\/wiki\/Cello_Concerto_(Schumann)\" target=\"_blank\" rel=\"noopener\">Schumann&#8217;s<\/a>.<sup><a href=\"https:\/\/en.wikipedia.org\/wiki\/Cello_Concerto_No._1_(Saint-Sa%C3%ABns)#cite_note-4\" target=\"_blank\" rel=\"noopener\">[4]<\/a><\/sup><\/p>\n<cite>Quelle: <a href=\"https:\/\/en.wikipedia.org\/wiki\/Cello_Concerto_No._1_(Saint-Sa%C3%ABns)\" target=\"_blank\" rel=\"noreferrer noopener\">Wikipedia: Cello Concerto No. 1 (Saint-Sa\u00ebns)<\/a><\/cite><\/blockquote>\n\n\n\n<ul class=\"wp-block-list\">\n<li>Maurice <strong>Ravel: Bolero<\/strong><\/li>\n<\/ul>\n\n\n\n<blockquote class=\"wp-block-quote is-layout-flow wp-block-quote-is-layout-flow\">\n<p><strong>Bol\u00e9ro<\/strong> (bei Ravel, wie im Spanischen, <strong>Bolero<\/strong> geschrieben, ohne <a href=\"https:\/\/de.wikipedia.org\/wiki\/Akut\" target=\"_blank\" rel=\"noopener\">Accent aigu<\/a>, siehe Handschrift) ist ein <a href=\"https:\/\/de.wikipedia.org\/wiki\/Orchester\" target=\"_blank\" rel=\"noopener\">Orchesterst\u00fcck<\/a> des franz\u00f6sischen Komponisten <a href=\"https:\/\/de.wikipedia.org\/wiki\/Maurice_Ravel\" target=\"_blank\" rel=\"noopener\">Maurice Ravel<\/a> der <a href=\"https:\/\/de.wikipedia.org\/wiki\/Bolero_(Tanz)\" target=\"_blank\" rel=\"noopener\">gleichnamigen Tanzgattung<\/a>. Urspr\u00fcnglich als <a href=\"https:\/\/de.wikipedia.org\/wiki\/Ballett\" target=\"_blank\" rel=\"noopener\">Ballett<\/a> gedacht und f\u00fcr die B\u00fchne konzipiert, wurde es ein h\u00e4ufig gespieltes Werk der Orchesterliteratur.<\/p>\n\n\n\n<p>Die Komposition entstand in der Zeit von Juli bis Oktober 1928 und ist <a href=\"https:\/\/de.wikipedia.org\/wiki\/Ida_Rubinstein\" target=\"_blank\" rel=\"noopener\">Ida Rubinstein<\/a> gewidmet. Die T\u00e4nzerin hatte 1927 Maurice Ravel gebeten, f\u00fcr sie ein Musikst\u00fcck in der Form eines spanischen <a href=\"https:\/\/de.wikipedia.org\/wiki\/Ballett\" target=\"_blank\" rel=\"noopener\">Balletts<\/a> zu entwerfen. Zun\u00e4chst plante Ravel, einige T\u00e4nze aus dem <a href=\"https:\/\/de.wikipedia.org\/wiki\/Klavier\" target=\"_blank\" rel=\"noopener\">Klavierwerk<\/a> <em>Ib\u00e9ria<\/em> von <a href=\"https:\/\/de.wikipedia.org\/wiki\/Isaac_Alb%C3%A9niz\" target=\"_blank\" rel=\"noopener\">Isaac Alb\u00e9niz<\/a> f\u00fcr <a href=\"https:\/\/de.wikipedia.org\/wiki\/Orchester\" target=\"_blank\" rel=\"noopener\">Orchester<\/a> umzuschreiben. Da die Erben des spanischen Komponisten die <a href=\"https:\/\/de.wikipedia.org\/wiki\/Transkription_(Musik)\" target=\"_blank\" rel=\"noopener\">Transkriptionsrechte<\/a> bereits dem Dirigenten Enrique Fern\u00e1ndez Arb\u00f3s \u00fcbertragen hatten, entschloss sich Ravel zu einer ganz einzigartigen Komposition: \u201eEin eins\u00e4tziger Tanz, sehr langsam und st\u00e4ndig gleich bleibend, was die Melodie, die <a href=\"https:\/\/de.wikipedia.org\/wiki\/Harmonik\" target=\"_blank\" rel=\"noopener\">Harmonik<\/a> und den ununterbrochen von einer <a href=\"https:\/\/de.wikipedia.org\/wiki\/R%C3%BChrtrommel\" target=\"_blank\" rel=\"noopener\">R\u00fchrtrommel<\/a> markierten Rhythmus betrifft. Das einzige Element der Abwechslung ist das <a href=\"https:\/\/de.wikipedia.org\/wiki\/Crescendo_(Musik)\" target=\"_blank\" rel=\"noopener\">Crescendo<\/a> des Orchesters.\u201c<\/p>\n\n\n\n<p>Die Ballett-Urauff\u00fchrung erfolgte am 22. November 1928 in der <a href=\"https:\/\/de.wikipedia.org\/wiki\/Pariser_Oper\" target=\"_blank\" rel=\"noopener\">Pariser Oper<\/a> unter der Leitung von Walther Straram und in der <a href=\"https:\/\/de.wikipedia.org\/wiki\/Choreographie\" target=\"_blank\" rel=\"noopener\">Choreographie<\/a> von <a href=\"https:\/\/de.wikipedia.org\/wiki\/Bronislava_Nijinska\" target=\"_blank\" rel=\"noopener\">Bronislava Nijinska<\/a> mit der T\u00e4nzerin Ida Rubinstein. Die damals 43-j\u00e4hrige Rubinstein tanzte als einzige Frau in einem Kreis von 20 jungen T\u00e4nzern. Mit ihren erotischen, lasziven Bewegungen schockierte und faszinierte sie gleicherma\u00dfen das Pariser Publikum. Auf den Ausruf einer Zuschauerin \u201eHilfe, ein Verr\u00fcckter\u201c soll Ravel nur trocken erwidert haben: \u201eDie hat\u2019s kapiert\u201c.<\/p>\n\n\n\n<p><a href=\"https:\/\/de.wikipedia.org\/wiki\/Arturo_Toscanini\" target=\"_blank\" rel=\"noopener\">Arturo Toscanini<\/a> leitete mit den <a href=\"https:\/\/de.wikipedia.org\/wiki\/New_Yorker_Philharmoniker\" target=\"_blank\" rel=\"noopener\">New Yorker Philharmonikern<\/a> am 14. November 1929 h\u00f6chst erfolgreich die erste konzertante Auff\u00fchrung des Bol\u00e9ro in den USA.<sup><a href=\"https:\/\/de.wikipedia.org\/wiki\/Bol%C3%A9ro#cite_note-1\" target=\"_blank\" rel=\"noopener\">[1]<\/a><\/sup> Die erste franz\u00f6sische Auff\u00fchrung dirigierte Ravel pers\u00f6nlich am 11.&nbsp;Januar 1930 in Paris.<\/p>\n<cite>Quelle: <a href=\"https:\/\/de.wikipedia.org\/wiki\/Bol%C3%A9ro\" target=\"_blank\" rel=\"noreferrer noopener\">Wikipedia: Bol\u00e9ro (Ravel)<\/a><\/cite><\/blockquote>\n\n\n\n<ul class=\"wp-block-list\">\n<li>Maurice <strong>Ravel: Valses nobles et sentimentales<\/strong><\/li>\n<\/ul>\n\n\n\n<blockquote class=\"wp-block-quote is-layout-flow wp-block-quote-is-layout-flow\">\n<p><strong>Valses nobles et sentimentales<\/strong> (franz.: <em>Edle und gef\u00fchlvolle Walzer<\/em>) ist ein Klavierwerk des <a href=\"https:\/\/de.wikipedia.org\/wiki\/Frankreich\" target=\"_blank\" rel=\"noopener\">franz\u00f6sischen<\/a> <a href=\"https:\/\/de.wikipedia.org\/wiki\/Komponist\" target=\"_blank\" rel=\"noopener\">Komponisten<\/a> <a href=\"https:\/\/de.wikipedia.org\/wiki\/Maurice_Ravel\" target=\"_blank\" rel=\"noopener\">Maurice Ravel<\/a>. Die Suite, bestehend aus acht Walzern, wurde 1911 f\u00fcr Klavier ver\u00f6ffentlicht, eine Version f\u00fcr Orchester folgte 1912. Das Werk ist dem franz\u00f6sischen Pianisten und Komponisten <a href=\"https:\/\/de.wikipedia.org\/wiki\/Louis_Aubert\" target=\"_blank\" rel=\"noopener\">Louis Aubert<\/a> gewidmet, der es am 9. Mai 1911 in Paris urauff\u00fchrte.<\/p>\n\n\n\n<p>Wie schon bei Ravels fr\u00fchen Werk <em><a href=\"https:\/\/de.wikipedia.org\/wiki\/Jeux_d%E2%80%99eau\" target=\"_blank\" rel=\"noopener\">Jeux d\u2019eau<\/a><\/em> erfolgte die Ver\u00f6ffentlichung mit einem Zitat des Poeten <a href=\"https:\/\/de.wikipedia.org\/wiki\/Henri_de_R%C3%A9gnier\" target=\"_blank\" rel=\"noopener\">Henri de R\u00e9gnier<\/a>: \u201e&nbsp;[\u2026] le plaisir d\u00e9licieux et toujours nouveau d&#8217;une occupation inutile\u201c (\u00fcbersetzt etwa: <em>Das k\u00f6stliche und immer neue Vergn\u00fcgen einer nutzlosen T\u00e4tigkeit<\/em>).<\/p>\n\n\n\n<p>Die Idee f\u00fcr eine Suite aus Walzern griff Ravel von <a href=\"https:\/\/de.wikipedia.org\/wiki\/Franz_Schubert\" target=\"_blank\" rel=\"noopener\">Franz Schubert<\/a> auf, der allerdings zwei Gruppen aus <em>Valses nobles<\/em> und <em>Valses sentimentales<\/em> komponierte. Obwohl Ravel mit den Arbeiten an seinem orchestralen Werk <em><a href=\"https:\/\/de.wikipedia.org\/wiki\/La_Valse\" target=\"_blank\" rel=\"noopener\">La Valse<\/a><\/em> bereits 1906 begonnen hatte, wurde dieses erst im Jahr 1919 ver\u00f6ffentlicht. Die Suite <em>Valses nobles et sentimentales<\/em> gibt damit einen Vorgeschmack auf Ravels Liebe zum Genre des <a href=\"https:\/\/de.wikipedia.org\/wiki\/Wiener_Walzer\" target=\"_blank\" rel=\"noopener\">Wiener Walzers<\/a> und vor allem seine charakteristische Tonsprache. So wurden viele Motive der Suite auch in der fertigen Version von <em>La Valse<\/em> aufgegriffen. Nach seinem hoch virtuosen Klavierwerk <em><a href=\"https:\/\/de.wikipedia.org\/wiki\/Gaspard_de_la_nuit\" target=\"_blank\" rel=\"noopener\">Gaspard de la nuit<\/a><\/em> wollte der Komponist mit den <em>Valses<\/em> einen orchestralen Klang erschaffen, der mehr durch Klarheit und Transparenz als durch Virtuosit\u00e4t besticht.<sup><a href=\"https:\/\/de.wikipedia.org\/wiki\/Valses_nobles_et_sentimentales#cite_note-1\" target=\"_blank\" rel=\"noopener\">[1]<\/a><\/sup> Dennoch hielt Ravel die <em>Valses nobles et sentimentales<\/em> f\u00fcr eines seiner am schwierigsten zu interpretierenden Werke.<sup><a href=\"https:\/\/de.wikipedia.org\/wiki\/Valses_nobles_et_sentimentales#cite_note-2\" target=\"_blank\" rel=\"noopener\">[2]<\/a><\/sup><\/p>\n\n\n\n<p>Die Urauff\u00fchrung 1911 durch Louis Aubert im <em>Salle Gaveau<\/em> erfolgte im Rahmen einer Veranstaltung der <em>Soci\u00e9t\u00e9 musicale ind\u00e9pendante<\/em>, bei der verschiedene Werke vorgestellt wurden, dessen Komponisten dem Publikum zun\u00e4chst nicht bekannt waren.<sup><a href=\"https:\/\/de.wikipedia.org\/wiki\/Valses_nobles_et_sentimentales#cite_note-3\" target=\"_blank\" rel=\"noopener\">[3]<\/a><\/sup> Dadurch sollte jedem K\u00fcnstler eine unbefangene Beurteilung erm\u00f6glicht werden. Aufgrund ihrer Dissonanzen und gewagten Harmonik sorgten die <em>Valses nobles et sentimentales<\/em> allerdings f\u00fcr wenig Begeisterung beim Publikum. Es kam zu einigen Zwischenrufen, teilweise wurde das Werk sogar f\u00fcr eine Parodie gehalten.<sup><a href=\"https:\/\/de.wikipedia.org\/wiki\/Valses_nobles_et_sentimentales#cite_note-4\" target=\"_blank\" rel=\"noopener\">[4]<\/a><\/sup> Bei der anschlie\u00dfenden Abstimmung, um welchen Komponisten es sich handeln k\u00f6nnte, fielen unter anderem Namen wie <a href=\"https:\/\/de.wikipedia.org\/wiki\/Erik_Satie\" target=\"_blank\" rel=\"noopener\">Erik Satie<\/a> und <a href=\"https:\/\/de.wikipedia.org\/wiki\/Charles_Koechlin\" target=\"_blank\" rel=\"noopener\">Charles Koechlin<\/a>. Die knappe Mehrheit kam allerdings zu dem Entschluss, dass es sich um ein Werk Ravels handeln m\u00fcsse.<sup><a href=\"https:\/\/de.wikipedia.org\/wiki\/Valses_nobles_et_sentimentales#cite_note-5\" target=\"_blank\" rel=\"noopener\">[5]<\/a><\/sup><\/p>\n<cite>Quelle: <a href=\"https:\/\/de.wikipedia.org\/wiki\/Valses_nobles_et_sentimentales\" target=\"_blank\" rel=\"noreferrer noopener\">Wikipedia: Valses nobles et sentimentales (Ravel)<\/a><\/cite><\/blockquote>\n\n\n\n<ul class=\"wp-block-list\">\n<li>Claude <strong>Debussy: Pr\u00e9lude \u00e0 l\u2019apr\u00e8s-midi d\u2019un faune<\/strong><\/li>\n<\/ul>\n\n\n\n<blockquote class=\"wp-block-quote is-layout-flow wp-block-quote-is-layout-flow\">\n<p><strong>Pr\u00e9lude \u00e0 l\u2019apr\u00e8s-midi d\u2019un faune<\/strong> (<a href=\"https:\/\/de.wikipedia.org\/wiki\/Franz%C3%B6sische_Sprache\" target=\"_blank\" rel=\"noopener\">franz\u00f6sisch<\/a> f\u00fcr <em>Vorspiel zum Nachmittag eines <a href=\"https:\/\/de.wikipedia.org\/wiki\/Faunus\" target=\"_blank\" rel=\"noopener\">Faunes<\/a><\/em>), L. 86, ist eine <a href=\"https:\/\/de.wikipedia.org\/wiki\/Sinfonische_Dichtung\" target=\"_blank\" rel=\"noopener\">sinfonische Dichtung<\/a> <a href=\"https:\/\/de.wikipedia.org\/wiki\/Claude_Debussy\" target=\"_blank\" rel=\"noopener\">Claude Debussys<\/a>, frei nach <a href=\"https:\/\/de.wikipedia.org\/wiki\/St%C3%A9phane_Mallarm%C3%A9\" target=\"_blank\" rel=\"noopener\">St\u00e9phane Mallarm\u00e9s<\/a> Gedicht <em><a href=\"https:\/\/de.wikipedia.org\/wiki\/L%E2%80%99Apr%C3%A8s-midi_d%E2%80%99un_faune_(Mallarm%C3%A9)\" target=\"_blank\" rel=\"noopener\">L\u2019Apr\u00e8s-midi d\u2019un faune<\/a><\/em>. Sie wurde am <a href=\"https:\/\/de.wikipedia.org\/wiki\/22._Dezember\" target=\"_blank\" rel=\"noopener\">22. Dezember<\/a> <a href=\"https:\/\/de.wikipedia.org\/wiki\/1894\" target=\"_blank\" rel=\"noopener\">1894<\/a> in Paris uraufgef\u00fchrt.<\/p>\n\n\n\n<p>Debussys <em>Pr\u00e9lude<\/em> gilt als ein Hauptwerk des musikalischen <a href=\"https:\/\/de.wikipedia.org\/wiki\/Impressionismus\" target=\"_blank\" rel=\"noopener\">Impressionismus<\/a> und ist ein Wendepunkt in der Entwicklung zur <a href=\"https:\/\/de.wikipedia.org\/wiki\/Neue_Musik\" target=\"_blank\" rel=\"noopener\">modernen Musik<\/a>. Zusammen mit Mallarm\u00e9s Dichtung diente es als Inspiration und als musikalische Begleitung f\u00fcr <a href=\"https:\/\/de.wikipedia.org\/wiki\/Vaslav_Nijinsky\" target=\"_blank\" rel=\"noopener\">Vaslav Nijinskys<\/a> Ballett <em><a href=\"https:\/\/de.wikipedia.org\/wiki\/L%E2%80%99Apr%C3%A8s-midi_d%E2%80%99un_faune_(Nijinsky)\" target=\"_blank\" rel=\"noopener\">L\u2019Apr\u00e8s-midi d\u2019un faune<\/a><\/em>. Alle drei Werke nehmen eine zentrale Stellung in ihrer jeweiligen Kunstgattung und in der Entwicklung der k\u00fcnstlerischen <a href=\"https:\/\/de.wikipedia.org\/wiki\/Moderne\" target=\"_blank\" rel=\"noopener\">Moderne<\/a> ein.<\/p>\n\n\n\n<p>St\u00e9phane Mallarm\u00e9 verfasste sein Gedicht <em>L\u2019apr\u00e8s-midi d\u2019un faune<\/em> 1865, konnte es aber erst 1876 publizieren. Es fand einige Anerkennung in impressionistischen Kreisen und wurde auch von <a href=\"https:\/\/de.wikipedia.org\/wiki\/%C3%89douard_Manet\" target=\"_blank\" rel=\"noopener\">\u00c9douard Manet<\/a> bebildert. Das Gedicht ist, wie Mallarm\u00e9s Werke \u00fcberhaupt, von ausgesprochen suggestiver <a href=\"https:\/\/de.wikipedia.org\/wiki\/Symbolik\" target=\"_blank\" rel=\"noopener\">Symbolik<\/a> gepr\u00e4gt. Die musikalische Qualit\u00e4t der Sprache Mallarm\u00e9s lie\u00df bedeutende Komponisten sich mit ihm besch\u00e4ftigen, so auch Claude Debussy im <em>Pr\u00e9lude \u00e0 l\u2019apr\u00e8s-midi d\u2019un faune<\/em> von 1894. 1913 vertonte Debussy nochmals Mallarm\u00e9, eigenartigerweise fast zur gleichen Zeit wie <a href=\"https:\/\/de.wikipedia.org\/wiki\/Maurice_Ravel\" target=\"_blank\" rel=\"noopener\">Maurice Ravel<\/a> und zudem die gleichen Gedichte (<em>Soupir<\/em> und <em>Placet futile<\/em>) wie dieser. <em>L\u2019Apr\u00e8s-midi d\u2019un faune<\/em> diente Debussy nach eigener Aussage allerdings als blo\u00dfe Inspiration f\u00fcr sein <a href=\"https:\/\/de.wikipedia.org\/wiki\/Pr%C3%A4ludium\" target=\"_blank\" rel=\"noopener\">Pr\u00e9lude<\/a>.<\/p>\n\n\n\n<p>Debussy wurde vermutlich erstmals durch eine Rezension <a href=\"https:\/\/de.wikipedia.org\/w\/index.php?title=Theodor_de_Wyzewas&amp;action=edit&amp;redlink=1\" target=\"_blank\" rel=\"noopener\">Theodor de Wyzewas<\/a>\u2019 in der <a href=\"https:\/\/de.wikipedia.org\/wiki\/Symbolismus_(Literatur)\" target=\"_blank\" rel=\"noopener\">symbolistischen<\/a> Zeitschrift <em>La Vogue<\/em> auf Mallarm\u00e9s Gedicht aufmerksam und empfahl es 1887 <a href=\"https:\/\/de.wikipedia.org\/wiki\/Paul_Dukas\" target=\"_blank\" rel=\"noopener\">Paul Dukas<\/a> mit gro\u00dfer Begeisterung. Eine Vertonungsabsicht bestand zu diesem Zeitpunkt offenbar noch nicht. Die ersten Entw\u00fcrfe zum St\u00fcck stammen von der Jahreswende 1890\/91 und sollten als Begleitmusik zu einer Lesung von Mallarm\u00e9s Gedicht dienen, die f\u00fcr den 27. Februar 1891 vorgesehen war. Doch fand weder die Auff\u00fchrung statt, noch wurde die Musik vollendet. Ein Jahr sp\u00e4ter nahm Debussy die Arbeit daran wieder auf und beabsichtigte, eine dreiteilige <a href=\"https:\/\/de.wikipedia.org\/wiki\/Suite_(Musik)\" target=\"_blank\" rel=\"noopener\">Suite<\/a> <em>Pr\u00e9lude, Interlude et Paraphrase finale sur l\u2019Apr\u00e8s-midi d\u2019un faune<\/em> zu komponieren. Dazu kam es zwar nie, doch gab dieses Vorhaben dem allein realisierten St\u00fcck seinen Namen.<\/p>\n<cite>Quelle: <a href=\"https:\/\/de.wikipedia.org\/wiki\/Pr%C3%A9lude_%C3%A0_l%E2%80%99apr%C3%A8s-midi_d%E2%80%99un_faune\" target=\"_blank\" rel=\"noreferrer noopener\">Wikipedia: Pr\u00e9lude \u00e0 l\u2019apr\u00e8s-midi d\u2019un faune (Debussy)<\/a><\/cite><\/blockquote>\n\n\n\n<ul class=\"wp-block-list\">\n<li>Claude <strong>Debussy: Nocturnes<\/strong><\/li>\n<\/ul>\n\n\n\n<blockquote class=\"wp-block-quote is-layout-flow wp-block-quote-is-layout-flow\">\n<p>Die <strong>Trois Nocturnes<\/strong> (1900), auch <em>Les Nocturnes<\/em>, sind ein Orchesterwerk des franz\u00f6sischen Komponisten <a href=\"https:\/\/de.wikipedia.org\/wiki\/Claude_Debussy\" target=\"_blank\" rel=\"noopener\">Claude Debussy<\/a>. Sie gelten als wichtiges Werk des <a href=\"https:\/\/de.wikipedia.org\/wiki\/Impressionismus_(Musik)\" target=\"_blank\" rel=\"noopener\">musikalischen Impressionismus<\/a> und bilden so den \u00dcbergang zwischen der <a href=\"https:\/\/de.wikipedia.org\/wiki\/Musik_der_Romantik\" target=\"_blank\" rel=\"noopener\">Musik der Romantik<\/a> und <a href=\"https:\/\/de.wikipedia.org\/wiki\/Neue_Musik\" target=\"_blank\" rel=\"noopener\">der Moderne<\/a>.<\/p>\n\n\n\n<p>Die drei S\u00e4tze wurden durch eine Serie von <a href=\"https:\/\/de.wikipedia.org\/wiki\/Impressionismus\" target=\"_blank\" rel=\"noopener\">impressionistischen<\/a>, ebenfalls <em>Nocturnes<\/em> betitelten Gem\u00e4lden von <a href=\"https:\/\/de.wikipedia.org\/wiki\/James_Abbott_McNeill_Whistler\" target=\"_blank\" rel=\"noopener\">James Abbott McNeill Whistler<\/a> inspiriert.<sup><a href=\"https:\/\/de.wikipedia.org\/wiki\/Trois_Nocturnes#cite_note-laphil_Nocturnes-1\" target=\"_blank\" rel=\"noopener\">[1]<\/a><\/sup> Debussy hatte die Idee zu diesen <a href=\"https:\/\/de.wikipedia.org\/wiki\/Nocturne_(Musik)\" target=\"_blank\" rel=\"noopener\">Nocturnes<\/a> bereits 1892, komponierte sie aber erst zwischen 1897 und 1899. Am 9. November 1900 fand die Urauff\u00fchrung statt. Debussy schrieb in einem Vorwort: <em>\u201eDer Titel Nocturnes will hier in allgemeiner und vor allem in mehr dekorativer Bedeutung verstanden werden. Es handelt sich also nicht um die \u00fcbliche Form des Nocturno, sondern um alle Eindr\u00fccke und speziellen Beleuchtungen, die in diesem Wort enthalten sein k\u00f6nnen. [\u2026]\u201c<\/em><\/p>\n\n\n\n<p>Das Werk rief die Begeisterung des Publikums hervor und brachte ihm zwar wenig Geld, aber gro\u00dfe Anerkennung bei den Musikkritikern.<\/p>\n\n\n\n<p>Die drei <a href=\"https:\/\/de.wikipedia.org\/wiki\/Satz_(Musikst%C3%BCck)\" target=\"_blank\" rel=\"noopener\">S\u00e4tze<\/a> sind: <em>Nuages<\/em> (\u201aWolken\u2018) [&#8230;], <em>F\u00eates<\/em> (\u201aFeiern\u2018) [&#8230;], <em>Sir\u00e8nes<\/em> (\u201a<a href=\"https:\/\/de.wikipedia.org\/wiki\/Sirene_(Mythologie)\" target=\"_blank\" rel=\"noopener\">Sirenen<\/a>\u2018) [&#8230;].<\/p>\n\n\n\n<p>Die drei St\u00fccke unterscheiden sich voneinander. <em>Nuages<\/em> ist ein ruhiges, extrem atmosph\u00e4risches Vorspiel mit einer undurchsichtigen, diffusen Stimmung. Das St\u00fcck endet mit einem d\u00fcsteren <a href=\"https:\/\/de.wikipedia.org\/wiki\/Kontrabass\" target=\"_blank\" rel=\"noopener\">Kontrabass<\/a>-Tremolo. <em>F\u00eates<\/em> ist ein schnelles, sinfonisches St\u00fcck, welches von einer charakteristischen Trompetenmelodie durchzogen wird. <em>Sir\u00e8nes<\/em> ist wieder etwas ruhiger, aber von der Stimmung her klarer und melancholischer als <em>Nuages<\/em>, Debussy setzt hier textlosen Frauenchor ein. Die Gesamtdauer der Nocturnes betr\u00e4gt rund 26 Minuten.&#8220;<\/p>\n<cite>Quelle: <a href=\"https:\/\/de.wikipedia.org\/wiki\/Trois_Nocturnes\" target=\"_blank\" rel=\"noopener\">Wikipedia: Trois Nocturnes<\/a> (Debussy)<\/cite><\/blockquote>\n\n\n\n<ul class=\"wp-block-list\">\n<li>Urauff\u00fchrung<\/li>\n<\/ul>\n\n\n\n<div class=\"wp-block-buttons d-none is-layout-flex wp-block-buttons-is-layout-flex\">\n<div class=\"wp-block-button d-none\"><a class=\"wp-block-button__link wp-element-button\" href=\"https:\/\/studentenphilharmonie.de\/wp-content\/uploads\/2026\/01\/Programmheft-WiSe-25-26.pdf\" target=\"_blank\" rel=\"noreferrer noopener\">Programmheft<\/a><\/div>\n<\/div>\n\n\n\n<div style=\"height:20px\" aria-hidden=\"true\" class=\"wp-block-spacer\"><\/div>\n<\/div><\/div>\n\n\n<div class=\"wp-block-image\">\n<figure class=\"aligncenter size-full is-resized\"><img decoding=\"async\" src=\"https:\/\/studentenphilharmonie.de\/wp-content\/uploads\/2025\/12\/Konzert-Tuebingen-WS-2025-2026.jpg\" alt=\"\" class=\"wp-image-3062\" style=\"width:828px;height:auto\"\/><figcaption class=\"wp-element-caption\">Programm Wintersemester 2025\/2026<\/figcaption><\/figure>\n<\/div>\n\n\n<div style=\"height:20px\" aria-hidden=\"true\" class=\"wp-block-spacer\"><\/div>\n\n\n\n<div class=\"wp-block-buttons is-layout-flex wp-block-buttons-is-layout-flex\">\n<div class=\"wp-block-button\"><a class=\"wp-block-button__link wp-element-button\" href=\"https:\/\/studentenphilharmonie.de\/index.php\/programmarchiv\/\">Programmarchiv vergangener Konzerte<\/a><\/div>\n\n\n\n<div class=\"wp-block-button\"><a class=\"wp-block-button__link wp-element-button\" href=\"https:\/\/studentenphilharmonie.de\/index.php\/presse\/\">Pressestimmen<\/a><\/div>\n<\/div>\n","protected":false},"excerpt":{"rendered":"<p>Im Wintersemester 2025\/2026 standen folgende St\u00fccke auf dem Programm: Hintergr\u00fcnde: Camille Saint-Sa\u00ebns composed his Cello Concerto No. 1 in A minor, Op. 33, in 1872, when he was 37 years old. He wrote this work for the French cellist, viola da gamba player and instrument maker Auguste Tolbecque. Tolbecque was part of a distinguished family of musicians closely associated with the Soci\u00e9t\u00e9 des Concerts du Conservatoire, France&#8217;s leading concert society. The concerto was first performed on January 19, 1873, at the Paris Conservatoire concert with Tolbecque as soloist. This was considered a mark of Saint-Sa\u00ebns&#8216; growing acceptance by the French musical establishment. Sir Donald Francis Tovey later wrote &#8222;Here, for once, is a violoncello concerto in which the solo instrument displays every register without the slightest difficulty in penetrating the orchestra.&#8220;[1][2] Many composers, including Shostakovich and Rachmaninoff, considered this concerto to be the greatest of all cello concertos.[3] Yo-Yo Ma&#8217;s&hellip;<\/p>\n<p> <a class=\"more-link\" href=\"https:\/\/studentenphilharmonie.de\/index.php\/programmarchiv\/programm-wintersemester-2025-2026\/\">Weiterlesen<\/a><\/p>\n","protected":false},"author":20,"featured_media":0,"parent":870,"menu_order":0,"comment_status":"closed","ping_status":"closed","template":"","meta":{"_acf_changed":false,"footnotes":""},"class_list":["post-3321","page","type-page","status-publish"],"acf":[],"_links":{"self":[{"href":"https:\/\/studentenphilharmonie.de\/index.php\/wp-json\/wp\/v2\/pages\/3321","targetHints":{"allow":["GET"]}}],"collection":[{"href":"https:\/\/studentenphilharmonie.de\/index.php\/wp-json\/wp\/v2\/pages"}],"about":[{"href":"https:\/\/studentenphilharmonie.de\/index.php\/wp-json\/wp\/v2\/types\/page"}],"author":[{"embeddable":true,"href":"https:\/\/studentenphilharmonie.de\/index.php\/wp-json\/wp\/v2\/users\/20"}],"replies":[{"embeddable":true,"href":"https:\/\/studentenphilharmonie.de\/index.php\/wp-json\/wp\/v2\/comments?post=3321"}],"version-history":[{"count":1,"href":"https:\/\/studentenphilharmonie.de\/index.php\/wp-json\/wp\/v2\/pages\/3321\/revisions"}],"predecessor-version":[{"id":3322,"href":"https:\/\/studentenphilharmonie.de\/index.php\/wp-json\/wp\/v2\/pages\/3321\/revisions\/3322"}],"up":[{"embeddable":true,"href":"https:\/\/studentenphilharmonie.de\/index.php\/wp-json\/wp\/v2\/pages\/870"}],"wp:attachment":[{"href":"https:\/\/studentenphilharmonie.de\/index.php\/wp-json\/wp\/v2\/media?parent=3321"}],"curies":[{"name":"wp","href":"https:\/\/api.w.org\/{rel}","templated":true}]}}