{"id":2957,"date":"2025-04-27T11:17:25","date_gmt":"2025-04-27T09:17:25","guid":{"rendered":"https:\/\/studentenphilharmonie.de\/?page_id=2957"},"modified":"2025-07-01T01:01:16","modified_gmt":"2025-06-30T23:01:16","slug":"griechenland-reise-2025","status":"publish","type":"page","link":"https:\/\/studentenphilharmonie.de\/index.php\/termine\/griechenland-reise-2025\/","title":{"rendered":"Griechenland-Reise 2025"},"content":{"rendered":"\n<p>Vom <strong>21.08.2025 bis 26.08.2025<\/strong> f\u00f6rdern wir den kulturellen Austausch und unternehmen eine Konzertreise nach Griechenland. Dabei handelt es sich um ein Kooperationsprojekt der Studentenphiharmonie der Uni T\u00fcbingen mit der Aristoteles-Universit\u00e4t thessaloniki, der Demokritos-Universit\u00e4t Komotini, der Kirche von Maroneia und weiteren lokalen Kulturinstitutionen. <\/p>\n\n\n\n<p>Speziell der Transport der Instrumente verursacht allerdings sehr hohe, zus\u00e4tzliche Kosten. F\u00fcr die Reisekosten suchen wir daher finanzielle Unterst\u00fctzung. Sie m\u00f6chten uns supporten? Dann freuen wir uns sehr \u00fcber Ihre Spende im Rahmen unserer Crowfunding-Kampagne oder unsere Spendenseite:<\/p>\n\n\n\n<div class=\"wp-block-buttons is-layout-flex wp-block-buttons-is-layout-flex\">\n<div class=\"wp-block-button\"><a class=\"wp-block-button__link wp-element-button\" href=\"https:\/\/gofund.me\/31b187bf\" target=\"_blank\" rel=\"noopener\">Crowdfunding<\/a><\/div>\n\n\n\n<div class=\"wp-block-button\"><a class=\"wp-block-button__link wp-element-button\" href=\"https:\/\/studentenphilharmonie.de\/index.php\/ueber-uns\/spenden\/\">Spenden<\/a><\/div>\n<\/div>\n\n\n\n<h2 class=\"wp-block-heading\">Programm<\/h2>\n\n\n\n<div class=\"wp-block-group\"><div class=\"wp-block-group__inner-container is-layout-constrained wp-block-group-is-layout-constrained\">\n<h3 class=\"wp-block-heading\">Donnerstag, 21.08.2025: Ankommen und erste interkulturelle Begegnungen in Komotini<\/h3>\n\n\n\n<p>U.a.: Ankunft der deutschen Delegation in Kavalla, Check-in, Besuch der Demokritos-Universit\u00e4t mit Empfang des Rektors und Campusf\u00fchrung, Vortrag \u00fcber &#8222;Demokritos, die Antike und die moderne Universit\u00e4t&#8220;, Ankunt der Studierenden der Musikstudierenden der Aristoteles-Universt\u00e4t, Abendessen und musikalisches Kennenlernen <\/p>\n\n\n\n<h3 class=\"wp-block-heading\">Freitag, 22.08.2025: Musikalische Ann\u00e4herung und erste Proben<\/h3>\n\n\n\n<p>U.a.: \u00dcbernahme der Instrumente vor Ort, Kultureller Austausch, Vorstellung des Konzertprogramms, Orchesterproben, Vortrag &#8222;Von der griechischen Folklore zur Kunstmusik&#8220;, Abendessen und Gespr\u00e4ch \u00fcber Musik als interkulturelles Medium und die Rolle der KI<\/p>\n\n\n\n<h3 class=\"wp-block-heading\">Samstag, 23.08.2025: Kultur, Spirituali\u00e4t &amp; Konzert im antiken Theater<\/h3>\n\n\n\n<p>U.a.: F\u00fchrung durch die Ausgrabungen von Maroneia, Deutsch-Griechischer Sprachkurs, Besuch des Doms von Maroneia mit Empfang des kirchlichen Oberhauptes, Interkulturelle Gespr\u00e4chsrunde zu Religion, Kultur &amp; Identit\u00e4t in Thrakien, Empfag durch B\u00fcrgermeister und Festivalleitung, Konzert im antiken Theater von Maroneia, Festliches Abendessen mit Ehreng\u00e4sten<\/p>\n\n\n\n<h4 class=\"wp-block-heading\">Konzertprogramm: <\/h4>\n\n\n\n<ul class=\"wp-block-list\">\n<li>Johannes Brahms: 3. Sinfonie<\/li>\n\n\n\n<li>Ferdinand David: Concertino f\u00fcr Posaune und Orchester, Posaune: <a href=\"https:\/\/studentenphilharmonie.de\/index.php\/ueber-uns\/#sose-25-posaune\">Elias M\u00f6ll<\/a><\/li>\n\n\n\n<li>Gioacchino Rossini: Konzert f\u00fcr Fagott und Orchester, Fagott: <a href=\"https:\/\/studentenphilharmonie.de\/index.php\/ueber-uns\/#sose-25-fagott\">Emanuel Blumin-Sint<\/a><\/li>\n\n\n\n<li>Konstantinos Angelidis: Der Gott verl\u00e4sst Antonius, Urauff\u00fchrung<\/li>\n<\/ul>\n\n\n\n<h3 class=\"wp-block-heading\">Sonntag, 24.08.2025: Mythen am Meer<\/h3>\n\n\n\n<p>Erz\u00e4hlrunden am Strand: &#8222;Wasser, Meer und Mythos &#8211; Meeresgottheiten und Helden in griechischer und germanischer Sage&#8220;, Picknick-Mittagessen am Strand, Gemeinsames Baden und Freizeit, Gespr\u00e4ch \u00fcber die symbolische Bedeutung des Wassers in der Musik, Medeinempfang mit lokaler Presse, Abendessen, Improvisationsabend<\/p>\n\n\n\n<h3 class=\"wp-block-heading\">Montag, 25.08.2025: Reflexion, Filmkunst &amp; Tanz<\/h3>\n\n\n\n<p>U.a.: Filmvorf\u00fchrung &#8222;Alexis Zorbas&#8220;, Diskussion &#8222;Kulturbr\u00fccken: Griechisch-deutsche Beziehungen, Gemeinsames Baden und freier Austausch, Sprachkurs &amp; Pr\u00e4sentation einfacher Dialoge\/Theater-Improvisationen, Gespr\u00e4ch: &#8222;Studieren und Musizieren in beiden L\u00e4ndern&#8220;, Abendessen, Tanzkurs &#8222;Einf\u00fchrung in griechische T\u00e4nze&#8220;<\/p>\n\n\n\n<h3 class=\"wp-block-heading\">Dienstag, 26.08.2025: Abscheid und R\u00fcckreise<\/h3>\n\n\n\n<p>Abschied, Transfer und R\u00fcckflug<\/p>\n<\/div><\/div>\n","protected":false},"excerpt":{"rendered":"<p>Vom 21.08.2025 bis 26.08.2025 f\u00f6rdern wir den kulturellen Austausch und unternehmen eine Konzertreise nach Griechenland. Dabei handelt es sich um ein Kooperationsprojekt der Studentenphiharmonie der Uni T\u00fcbingen mit der Aristoteles-Universit\u00e4t thessaloniki, der Demokritos-Universit\u00e4t Komotini, der Kirche von Maroneia und weiteren lokalen Kulturinstitutionen. Speziell der Transport der Instrumente verursacht allerdings sehr hohe, zus\u00e4tzliche Kosten. F\u00fcr die Reisekosten suchen wir daher finanzielle Unterst\u00fctzung. Sie m\u00f6chten uns supporten? Dann freuen wir uns sehr \u00fcber Ihre Spende im Rahmen unserer Crowfunding-Kampagne oder unsere Spendenseite: Programm Donnerstag, 21.08.2025: Ankommen und erste interkulturelle Begegnungen in Komotini U.a.: Ankunft der deutschen Delegation in Kavalla, Check-in, Besuch der Demokritos-Universit\u00e4t mit Empfang des Rektors und Campusf\u00fchrung, Vortrag \u00fcber &#8222;Demokritos, die Antike und die moderne Universit\u00e4t&#8220;, Ankunt der Studierenden der Musikstudierenden der Aristoteles-Universt\u00e4t, Abendessen und musikalisches Kennenlernen Freitag, 22.08.2025: Musikalische Ann\u00e4herung und erste Proben U.a.: \u00dcbernahme der Instrumente vor Ort, Kultureller Austausch, Vorstellung des Konzertprogramms, Orchesterproben, Vortrag &#8222;Von der griechischen&hellip;<\/p>\n<p> <a class=\"more-link\" href=\"https:\/\/studentenphilharmonie.de\/index.php\/termine\/griechenland-reise-2025\/\">Weiterlesen<\/a><\/p>\n","protected":false},"author":20,"featured_media":926,"parent":50,"menu_order":0,"comment_status":"closed","ping_status":"closed","template":"","meta":{"_acf_changed":false,"footnotes":""},"class_list":["post-2957","page","type-page","status-publish","has-post-thumbnail"],"acf":[],"_links":{"self":[{"href":"https:\/\/studentenphilharmonie.de\/index.php\/wp-json\/wp\/v2\/pages\/2957","targetHints":{"allow":["GET"]}}],"collection":[{"href":"https:\/\/studentenphilharmonie.de\/index.php\/wp-json\/wp\/v2\/pages"}],"about":[{"href":"https:\/\/studentenphilharmonie.de\/index.php\/wp-json\/wp\/v2\/types\/page"}],"author":[{"embeddable":true,"href":"https:\/\/studentenphilharmonie.de\/index.php\/wp-json\/wp\/v2\/users\/20"}],"replies":[{"embeddable":true,"href":"https:\/\/studentenphilharmonie.de\/index.php\/wp-json\/wp\/v2\/comments?post=2957"}],"version-history":[{"count":8,"href":"https:\/\/studentenphilharmonie.de\/index.php\/wp-json\/wp\/v2\/pages\/2957\/revisions"}],"predecessor-version":[{"id":3070,"href":"https:\/\/studentenphilharmonie.de\/index.php\/wp-json\/wp\/v2\/pages\/2957\/revisions\/3070"}],"up":[{"embeddable":true,"href":"https:\/\/studentenphilharmonie.de\/index.php\/wp-json\/wp\/v2\/pages\/50"}],"wp:featuredmedia":[{"embeddable":true,"href":"https:\/\/studentenphilharmonie.de\/index.php\/wp-json\/wp\/v2\/media\/926"}],"wp:attachment":[{"href":"https:\/\/studentenphilharmonie.de\/index.php\/wp-json\/wp\/v2\/media?parent=2957"}],"curies":[{"name":"wp","href":"https:\/\/api.w.org\/{rel}","templated":true}]}}

<p>Vom <strong>21.08.2025 bis 26.08.2025</strong> fördern wir den kulturellen Austausch und unternehmen eine Konzertreise nach Griechenland. Dabei handelt es sich um ein Kooperationsprojekt der Studentenphiharmonie der Uni Tübingen mit der Aristoteles-Universität thessaloniki, der Demokritos-Universität Komotini, der Kirche von Maroneia und weiteren lokalen Kulturinstitutionen. </p>



<p>Speziell der Transport der Instrumente verursacht allerdings sehr hohe, zusätzliche Kosten. Für die Reisekosten suchen wir daher finanzielle Unterstützung. Sie möchten uns supporten? Dann freuen wir uns sehr über Ihre Spende im Rahmen unserer Crowfunding-Kampagne oder unsere Spendenseite:</p>



<div class="wp-block-buttons is-layout-flex wp-block-buttons-is-layout-flex">
<div class="wp-block-button"><a class="wp-block-button__link wp-element-button" href="https://gofund.me/31b187bf" target="_blank" rel="noopener">Crowdfunding</a></div>



<div class="wp-block-button"><a class="wp-block-button__link wp-element-button" href="https://studentenphilharmonie.de/index.php/ueber-uns/spenden/">Spenden</a></div>
</div>



<h2 class="wp-block-heading">Programm</h2>



<div class="wp-block-group"><div class="wp-block-group__inner-container is-layout-constrained wp-block-group-is-layout-constrained">
<h3 class="wp-block-heading">Donnerstag, 21.08.2025: Ankommen und erste interkulturelle Begegnungen in Komotini</h3>



<p>U.a.: Ankunft der deutschen Delegation in Kavalla, Check-in, Besuch der Demokritos-Universität mit Empfang des Rektors und Campusführung, Vortrag über &#8222;Demokritos, die Antike und die moderne Universität&#8220;, Ankunt der Studierenden der Musikstudierenden der Aristoteles-Universtät, Abendessen und musikalisches Kennenlernen </p>



<h3 class="wp-block-heading">Freitag, 22.08.2025: Musikalische Annäherung und erste Proben</h3>



<p>U.a.: Übernahme der Instrumente vor Ort, Kultureller Austausch, Vorstellung des Konzertprogramms, Orchesterproben, Vortrag &#8222;Von der griechischen Folklore zur Kunstmusik&#8220;, Abendessen und Gespräch über Musik als interkulturelles Medium und die Rolle der KI</p>



<h3 class="wp-block-heading">Samstag, 23.08.2025: Kultur, Spiritualiät &amp; Konzert im antiken Theater</h3>



<p>U.a.: Führung durch die Ausgrabungen von Maroneia, Deutsch-Griechischer Sprachkurs, Besuch des Doms von Maroneia mit Empfang des kirchlichen Oberhauptes, Interkulturelle Gesprächsrunde zu Religion, Kultur &amp; Identität in Thrakien, Empfag durch Bürgermeister und Festivalleitung, Konzert im antiken Theater von Maroneia, Festliches Abendessen mit Ehrengästen</p>



<h4 class="wp-block-heading">Konzertprogramm: </h4>



<ul class="wp-block-list">
<li>Johannes Brahms: 3. Sinfonie</li>



<li>Ferdinand David: Concertino für Posaune und Orchester, Posaune: <a href="https://studentenphilharmonie.de/index.php/ueber-uns/#sose-25-posaune">Elias Möll</a></li>



<li>Gioacchino Rossini: Konzert für Fagott und Orchester, Fagott: <a href="https://studentenphilharmonie.de/index.php/ueber-uns/#sose-25-fagott">Emanuel Blumin-Sint</a></li>



<li>Konstantinos Angelidis: Der Gott verlässt Antonius, Uraufführung</li>
</ul>



<h3 class="wp-block-heading">Sonntag, 24.08.2025: Mythen am Meer</h3>



<p>Erzählrunden am Strand: &#8222;Wasser, Meer und Mythos &#8211; Meeresgottheiten und Helden in griechischer und germanischer Sage&#8220;, Picknick-Mittagessen am Strand, Gemeinsames Baden und Freizeit, Gespräch über die symbolische Bedeutung des Wassers in der Musik, Medeinempfang mit lokaler Presse, Abendessen, Improvisationsabend</p>



<h3 class="wp-block-heading">Montag, 25.08.2025: Reflexion, Filmkunst &amp; Tanz</h3>



<p>U.a.: Filmvorführung &#8222;Alexis Zorbas&#8220;, Diskussion &#8222;Kulturbrücken: Griechisch-deutsche Beziehungen, Gemeinsames Baden und freier Austausch, Sprachkurs &amp; Präsentation einfacher Dialoge/Theater-Improvisationen, Gespräch: &#8222;Studieren und Musizieren in beiden Ländern&#8220;, Abendessen, Tanzkurs &#8222;Einführung in griechische Tänze&#8220;</p>



<h3 class="wp-block-heading">Dienstag, 26.08.2025: Abscheid und Rückreise</h3>



<p>Abschied, Transfer und Rückflug</p>
</div></div>

<p>Vom 21.08.2025 bis 26.08.2025 fördern wir den kulturellen Austausch und unternehmen eine Konzertreise nach Griechenland. Dabei handelt es sich um ein Kooperationsprojekt der Studentenphiharmonie der Uni Tübingen mit der Aristoteles-Universität thessaloniki, der Demokritos-Universität Komotini, der Kirche von Maroneia und weiteren lokalen Kulturinstitutionen. Speziell der Transport der Instrumente verursacht allerdings sehr hohe, zusätzliche Kosten. Für die Reisekosten suchen wir daher finanzielle Unterstützung. Sie möchten uns supporten? Dann freuen wir uns sehr über Ihre Spende im Rahmen unserer Crowfunding-Kampagne oder unsere Spendenseite: Programm Donnerstag, 21.08.2025: Ankommen und erste interkulturelle Begegnungen in Komotini U.a.: Ankunft der deutschen Delegation in Kavalla, Check-in, Besuch der Demokritos-Universität mit Empfang des Rektors und Campusführung, Vortrag über &#8222;Demokritos, die Antike und die moderne Universität&#8220;, Ankunt der Studierenden der Musikstudierenden der Aristoteles-Universtät, Abendessen und musikalisches Kennenlernen Freitag, 22.08.2025: Musikalische Annäherung und erste Proben U.a.: Übernahme der Instrumente vor Ort, Kultureller Austausch, Vorstellung des Konzertprogramms, Orchesterproben, Vortrag &#8222;Von der griechischen&hellip;</p>
<p> <a class="more-link" href="https://studentenphilharmonie.de/index.php/termine/griechenland-reise-2025/">Weiterlesen</a></p>
