{"id":2925,"date":"2025-04-26T03:50:41","date_gmt":"2025-04-26T01:50:41","guid":{"rendered":"https:\/\/studentenphilharmonie.de\/?page_id=2925"},"modified":"2025-04-26T12:01:39","modified_gmt":"2025-04-26T10:01:39","slug":"kontoaktivierung","status":"publish","type":"page","link":"https:\/\/studentenphilharmonie.de\/index.php\/kontoaktivierung\/","title":{"rendered":"Kontoaktivierung"},"content":{"rendered":"\n<h2 class=\"wp-block-heading\">Fortschritt deiner Registrierung <\/h2>\n\n\n\n<ol class=\"wp-block-list\">\n<li><strong>Account aktivieren:<\/strong> \u2705\ufe0f<br>Dein Konto wurde aktiviert. <\/li>\n\n\n\n<li><strong>Empfangen von Informationsmails:<\/strong> \u26a0\ufe0f<br>Best\u00e4tige nun den Empfang von Mails mit Informationen zu Noten, Termine und News zum Orchester. (Die Best\u00e4tigung ist erforderlich gem\u00e4\u00df DSGVO). Klicke dazu auf den <strong>Best\u00e4tigungslink in der zweiten Mail<\/strong>.<\/li>\n<\/ol>\n\n\n\n<div class=\"wp-block-buttons is-layout-flex wp-block-buttons-is-layout-flex\">\n<div class=\"wp-block-button\"><a class=\"wp-block-button__link wp-element-button\" href=\"https:\/\/studentenphilharmonie.de\/index.php\/login\/\">Login<\/a><\/div>\n<\/div>\n\n\n\n<p><\/p>\n","protected":false},"excerpt":{"rendered":"<p>Fortschritt deiner Registrierung<\/p>\n","protected":false},"author":20,"featured_media":875,"parent":0,"menu_order":0,"comment_status":"closed","ping_status":"closed","template":"","meta":{"_acf_changed":false,"footnotes":""},"class_list":["post-2925","page","type-page","status-publish","has-post-thumbnail"],"acf":[],"_links":{"self":[{"href":"https:\/\/studentenphilharmonie.de\/index.php\/wp-json\/wp\/v2\/pages\/2925","targetHints":{"allow":["GET"]}}],"collection":[{"href":"https:\/\/studentenphilharmonie.de\/index.php\/wp-json\/wp\/v2\/pages"}],"about":[{"href":"https:\/\/studentenphilharmonie.de\/index.php\/wp-json\/wp\/v2\/types\/page"}],"author":[{"embeddable":true,"href":"https:\/\/studentenphilharmonie.de\/index.php\/wp-json\/wp\/v2\/users\/20"}],"replies":[{"embeddable":true,"href":"https:\/\/studentenphilharmonie.de\/index.php\/wp-json\/wp\/v2\/comments?post=2925"}],"version-history":[{"count":9,"href":"https:\/\/studentenphilharmonie.de\/index.php\/wp-json\/wp\/v2\/pages\/2925\/revisions"}],"predecessor-version":[{"id":2938,"href":"https:\/\/studentenphilharmonie.de\/index.php\/wp-json\/wp\/v2\/pages\/2925\/revisions\/2938"}],"wp:featuredmedia":[{"embeddable":true,"href":"https:\/\/studentenphilharmonie.de\/index.php\/wp-json\/wp\/v2\/media\/875"}],"wp:attachment":[{"href":"https:\/\/studentenphilharmonie.de\/index.php\/wp-json\/wp\/v2\/media?parent=2925"}],"curies":[{"name":"wp","href":"https:\/\/api.w.org\/{rel}","templated":true}]}}