{"id":1613,"date":"2023-06-12T13:34:10","date_gmt":"2023-06-12T11:34:10","guid":{"rendered":"https:\/\/studentenphilharmonie.de\/?page_id=1613"},"modified":"2025-12-03T01:55:38","modified_gmt":"2025-12-03T00:55:38","slug":"spenden","status":"publish","type":"page","link":"https:\/\/studentenphilharmonie.de\/index.php\/ueber-uns\/spenden\/","title":{"rendered":"Spenden"},"content":{"rendered":"\n<div class=\"wp-block-group\"><div class=\"wp-block-group__inner-container is-layout-constrained wp-block-group-is-layout-constrained\">\n<h2 class=\"wp-block-heading\">Zweck<\/h2>\n\n\n\n<p>Wir freuen uns \u00fcber Spenden! Sie unterst\u00fctzen damit die Finanzierung von \u00dcbungsleitern, Prober\u00e4umen, Reparaturen, Konzertreisen und vieles mehr.<\/p>\n<\/div><\/div>\n\n\n\n<div class=\"wp-block-group\"><div class=\"wp-block-group__inner-container is-layout-constrained wp-block-group-is-layout-constrained\">\n<h2 class=\"wp-block-heading\">Spendenm\u00f6glichkeiten<\/h2>\n\n\n\n<p><strong>Hinweis: Da wir kein Verein sind, d\u00fcrfen wir keine Spendenbescheinigungen<\/strong> <strong>ausstellen. <\/strong><\/p>\n\n\n\n<div class=\"wp-block-group d-none\"><div class=\"wp-block-group__inner-container is-layout-constrained wp-block-group-is-layout-constrained\">\n<h3 class=\"wp-block-heading\" id=\"gewinnspiel\">Crowdfunding: Spenden und gewinnen<\/h3>\n\n\n\n<p>In diesem Sommer m\u00f6chten wir den kulturellen Austausch f\u00f6rdern und eine Konzertreise zu einer Partneruniversit\u00e4t nach Griechenland unternehmen. Speziell der Transport der Instrumente verursacht allerdings sehr hohe, zus\u00e4tzliche Kosten. All diese Kosten sind gerade im Sommer nur schwer durch Konzerteinnahmen abzudecken, weil sehr viele Veranstaltungen angeboten werden und andere Freizeitaktivit\u00e4ten potentielle Zuh\u00f6rer binden. Wir hoffen daher auf Ihre Unterst\u00fctzung. Dabei k\u00f6nnen Sie ein oder mehrere Tickets gewinnen.<\/p>\n\n\n\n<h4 class=\"wp-block-heading\">Gewinnspielablauf<\/h4>\n\n\n\n<p>Wir verlosen&#8230;<\/p>\n\n\n\n<ul class=\"wp-block-list\">\n<li><strong>5 x 1 Ticket<\/strong><br>Spendn Siee f\u00fcr mindestens 5 \u20ac und gewinnen Sie ein Ticket f\u00fcr eines unserer n\u00e4chsten Konzerte in T\u00fcbingen.<\/li>\n\n\n\n<li><strong>5 x 1 Ticket plus Sekt<\/strong> <br>Spenden Sie f\u00fcr mindestens 15 \u20ac und gewinnen Sie ein Ticket f\u00fcr eines unserer n\u00e4chsten Konzert in T\u00fcbingen + je ein Glas Sekt gratis.<\/li>\n\n\n\n<li><strong>2 x 2 Tickets plus Sekt und Wunschplatz<\/strong><br>Spenden Sie f\u00fcr mindestens 25 \u20ac und gewinnen Sie f\u00fcr sich und eine Person Ihrer Wahl je ein Ticket mit Wunschplatzresevierung + je ein Glas Sekt gratis.<\/li>\n<\/ul>\n\n\n\n<p>Um am Gewinnspiel teilzunehmen, t\u00e4tigen Sie eine Spende \u00fcber unsere <a href=\"https:\/\/gofund.me\/7a9f6d4b\" target=\"_blank\" rel=\"noreferrer noopener nofollow\">Crowdfunding-Seite<\/a>. Senden Sie anschlie\u00dfend eine Mail an spenden(at)studentenphilharmonie.de mit Ihrem Namen. Die Gewinner werden per Mail benachrichtigt. Einsendeschluss ist der 15.08.2025. Die Gewinne sind von einer Auszahlung ausgeschlossen.<\/p>\n<\/div><\/div>\n\n\n\n<div class=\"wp-block-group\"><div class=\"wp-block-group__inner-container is-layout-constrained wp-block-group-is-layout-constrained\">\n<h3 class=\"wp-block-heading\">PayPal<\/h3>\n\n\n\n<p>Sie k\u00f6nnen uns schnell und einfach \u00fcber PayPal finanziell unterst\u00fctzen.<\/p>\n\n\n\n<p>Klicken Sie auf den Spenden-Button und t\u00e4tigen Sie Ihre Spende schnell und bequem \u00fcber PayPal.<\/p>\n\n\n\n<form action=\"https:\/\/www.paypal.com\/donate\" method=\"post\" target=\"_top\">\n<input type=\"hidden\" name=\"hosted_button_id\" value=\"ZJ5ZC6AJPYANS\">\n<input type=\"image\" src=\"https:\/\/www.paypalobjects.com\/de_DE\/DE\/i\/btn\/btn_donateCC_LG.gif\" name=\"submit\" title=\"PayPal - The safer, easier way to pay online!\" style=\"vertical-align: bottom;\" alt=\"Spenden mit dem PayPal-Button\" border=\"0\">\n<img loading=\"lazy\" decoding=\"async\" alt=\"\" src=\"https:\/\/www.paypal.com\/de_DE\/i\/scr\/pixel.gif\" width=\"1\" height=\"1\" border=\"0\">\n<\/form>\n\n\n\n<p>Es gelten die AGBS und Datenschutzbestimmungen von PayPal. <\/p>\n\n\n\n<p><strong>Hinweis: <\/strong>Eine Spendenbescheinigung d\u00fcrfen wir leider nicht ausstellen, da wir kein Verein sind.<\/p>\n<\/div><\/div>\n\n\n\n<div class=\"wp-block-group d-none\"><div class=\"wp-block-group__inner-container is-layout-constrained wp-block-group-is-layout-constrained\">\n<h3 class=\"wp-block-heading\">\u00dcberweisung<\/h3>\n\n\n\n<p>Alternativ k\u00f6nnen Sie Ihre Spende auch auf unser Bankonto \u00fcberweisen:<\/p>\n\n\n\n<p><strong>Kontodetails:<\/strong><\/p>\n\n\n\n<p>Universit\u00e4tsbund T\u00fcbingen<br>IBAN: DE98 6415 0020 0000 1106 08<br>BIC SOLADES1TUB<br>Kreissparkasse T\u00fcbingen<br>Verwendungszweck: &#8222;Spende Kto. 4455 Studentenphilharmonie&#8220;<\/p>\n<\/div><\/div>\n<\/div><\/div>\n","protected":false},"excerpt":{"rendered":"<p>Zweck Wir freuen uns \u00fcber Spenden! Sie unterst\u00fctzen damit die Finanzierung von \u00dcbungsleitern, Prober\u00e4umen, Reparaturen, Konzertreisen und vieles mehr. Spendenm\u00f6glichkeiten Hinweis: Da wir kein Verein sind, d\u00fcrfen wir keine Spendenbescheinigungen ausstellen. Crowdfunding: Spenden und gewinnen In diesem Sommer m\u00f6chten wir den kulturellen Austausch f\u00f6rdern und eine Konzertreise zu einer Partneruniversit\u00e4t nach Griechenland unternehmen. Speziell der Transport der Instrumente verursacht allerdings sehr hohe, zus\u00e4tzliche Kosten. All diese Kosten sind gerade im Sommer nur schwer durch Konzerteinnahmen abzudecken, weil sehr viele Veranstaltungen angeboten werden und andere Freizeitaktivit\u00e4ten potentielle Zuh\u00f6rer binden. Wir hoffen daher auf Ihre Unterst\u00fctzung. Dabei k\u00f6nnen Sie ein oder mehrere Tickets gewinnen. Gewinnspielablauf Wir verlosen&#8230; Um am Gewinnspiel teilzunehmen, t\u00e4tigen Sie eine Spende \u00fcber unsere Crowdfunding-Seite. Senden Sie anschlie\u00dfend eine Mail an spenden(at)studentenphilharmonie.de mit Ihrem Namen. Die Gewinner werden per Mail benachrichtigt. Einsendeschluss ist der 15.08.2025. Die Gewinne sind von einer Auszahlung ausgeschlossen. PayPal Sie k\u00f6nnen uns schnell und einfach&hellip;<\/p>\n<p> <a class=\"more-link\" href=\"https:\/\/studentenphilharmonie.de\/index.php\/ueber-uns\/spenden\/\">Weiterlesen<\/a><\/p>\n","protected":false},"author":20,"featured_media":1624,"parent":7,"menu_order":0,"comment_status":"closed","ping_status":"closed","template":"","meta":{"_acf_changed":false,"footnotes":""},"class_list":["post-1613","page","type-page","status-publish","has-post-thumbnail"],"acf":[],"_links":{"self":[{"href":"https:\/\/studentenphilharmonie.de\/index.php\/wp-json\/wp\/v2\/pages\/1613","targetHints":{"allow":["GET"]}}],"collection":[{"href":"https:\/\/studentenphilharmonie.de\/index.php\/wp-json\/wp\/v2\/pages"}],"about":[{"href":"https:\/\/studentenphilharmonie.de\/index.php\/wp-json\/wp\/v2\/types\/page"}],"author":[{"embeddable":true,"href":"https:\/\/studentenphilharmonie.de\/index.php\/wp-json\/wp\/v2\/users\/20"}],"replies":[{"embeddable":true,"href":"https:\/\/studentenphilharmonie.de\/index.php\/wp-json\/wp\/v2\/comments?post=1613"}],"version-history":[{"count":18,"href":"https:\/\/studentenphilharmonie.de\/index.php\/wp-json\/wp\/v2\/pages\/1613\/revisions"}],"predecessor-version":[{"id":3289,"href":"https:\/\/studentenphilharmonie.de\/index.php\/wp-json\/wp\/v2\/pages\/1613\/revisions\/3289"}],"up":[{"embeddable":true,"href":"https:\/\/studentenphilharmonie.de\/index.php\/wp-json\/wp\/v2\/pages\/7"}],"wp:featuredmedia":[{"embeddable":true,"href":"https:\/\/studentenphilharmonie.de\/index.php\/wp-json\/wp\/v2\/media\/1624"}],"wp:attachment":[{"href":"https:\/\/studentenphilharmonie.de\/index.php\/wp-json\/wp\/v2\/media?parent=1613"}],"curies":[{"name":"wp","href":"https:\/\/api.w.org\/{rel}","templated":true}]}}